CRAN Package Check Results for Package rhnerm

Last updated on 2025-05-08 04:52:16 CEST.

Flavor Version Tinstall Tcheck Ttotal Status Flags
r-devel-linux-x86_64-debian-clang 1.1 1.98 26.70 28.68 NOTE
r-devel-linux-x86_64-debian-gcc 1.1 1.49 19.22 20.71 NOTE
r-devel-linux-x86_64-fedora-clang 1.1 47.47 OK
r-devel-linux-x86_64-fedora-gcc 1.1 44.35 OK
r-devel-windows-x86_64 1.1 3.00 44.00 47.00 OK
r-patched-linux-x86_64 1.1 2.01 26.07 28.08 OK
r-release-linux-x86_64 1.1 1.84 25.34 27.18 OK
r-release-macos-arm64 1.1 16.00 OK
r-release-macos-x86_64 1.1 29.00 OK
r-release-windows-x86_64 1.1 3.00 47.00 50.00 OK
r-oldrel-macos-arm64 1.1 14.00 OK
r-oldrel-macos-x86_64 1.1 24.00 OK
r-oldrel-windows-x86_64 1.1 2.00 43.00 45.00 OK

Check Details

Version: 1.1
Check: CRAN incoming feasibility
Result: NOTE Maintainer: ‘Shonosuke Sugasawa <shonosuke622@gmail.com>’ No Authors@R field in DESCRIPTION. Please add one, modifying Authors@R: person(given = "Shonosuke", family = "Sugasawa", role = c("aut", "cre"), email = "shonosuke622@gmail.com") as necessary. Flavors: r-devel-linux-x86_64-debian-clang, r-devel-linux-x86_64-debian-gcc

These binaries (installable software) and packages are in development.
They may not be fully stable and should be used with caution. We make no claims about them.