Last updated on 2025-05-01 17:56:14 CEST.
Flavor | Version | Tinstall | Tcheck | Ttotal | Status | Flags |
---|---|---|---|---|---|---|
r-devel-linux-x86_64-debian-clang | 1.10 | 3.35 | 30.83 | 34.18 | NOTE | |
r-devel-linux-x86_64-debian-gcc | 1.10 | 2.34 | 23.69 | 26.03 | NOTE | |
r-devel-linux-x86_64-fedora-clang | 1.10 | 53.20 | NOTE | |||
r-devel-linux-x86_64-fedora-gcc | 1.10 | 64.21 | NOTE | |||
r-devel-windows-x86_64 | 1.10 | 4.00 | 64.00 | 68.00 | OK | |
r-patched-linux-x86_64 | 1.10 | 3.17 | 30.27 | 33.44 | NOTE | |
r-release-linux-x86_64 | NOTE | |||||
r-release-macos-arm64 | 1.10 | 29.00 | OK | |||
r-release-macos-x86_64 | 1.10 | 49.00 | OK | |||
r-release-windows-x86_64 | 1.10 | 3.00 | 67.00 | 70.00 | OK | |
r-oldrel-macos-arm64 | 1.10 | 23.00 | OK | |||
r-oldrel-macos-x86_64 | 1.10 | 37.00 | OK | |||
r-oldrel-windows-x86_64 | 1.10 | 4.00 | 61.00 | 65.00 | OK |
Version: 1.10
Check: CRAN incoming feasibility
Result: NOTE
Maintainer: ‘Christophe Dutang <christophe.dutang@ensimag.fr>’
No Authors@R field in DESCRIPTION.
Please add one, modifying
Authors@R: c(person(given = "Christophe",
family = "Dutang",
role = c("aut", "cre"),
email = "christophe.dutang@ensimag.fr"),
person(given = "Julie",
family = "Barthes",
role = "aut"))
as necessary.
Package CITATION file contains call(s) to old-style citEntry(). Please
use bibentry() instead.
Flavors: r-devel-linux-x86_64-debian-clang, r-devel-linux-x86_64-debian-gcc
Version: 1.10
Check: for non-standard things in the check directory
Result: NOTE
Found the following files/directories:
‘mydata.rda’ ‘thedata.rda’
Flavors: r-devel-linux-x86_64-debian-clang, r-devel-linux-x86_64-debian-gcc, r-devel-linux-x86_64-fedora-clang, r-devel-linux-x86_64-fedora-gcc, r-patched-linux-x86_64, r-release-linux-x86_64
These binaries (installable software) and packages are in development.
They may not be fully stable and should be used with caution. We make no claims about them.