Last updated on 2025-02-16 08:50:59 CET.
Flavor | Version | Tinstall | Tcheck | Ttotal | Status | Flags |
---|---|---|---|---|---|---|
r-devel-linux-x86_64-debian-clang | 0.3.0 | 3.36 | 26.15 | 29.51 | OK | |
r-devel-linux-x86_64-debian-gcc | 0.3.0 | 2.30 | 20.88 | 23.18 | OK | |
r-devel-linux-x86_64-fedora-clang | 0.3.0 | 47.40 | NOTE | |||
r-devel-linux-x86_64-fedora-gcc | 0.3.0 | 43.57 | NOTE | |||
r-devel-macos-arm64 | 0.3.0 | 19.00 | OK | |||
r-devel-macos-x86_64 | 0.3.0 | 38.00 | OK | |||
r-devel-windows-x86_64 | 0.3.0 | 5.00 | 54.00 | 59.00 | OK | |
r-patched-linux-x86_64 | 0.3.0 | 2.85 | 25.10 | 27.95 | OK | |
r-release-linux-x86_64 | 0.3.0 | 3.17 | 25.19 | 28.36 | OK | |
r-release-macos-arm64 | 0.3.0 | 18.00 | OK | |||
r-release-macos-x86_64 | 0.3.0 | 27.00 | OK | |||
r-release-windows-x86_64 | 0.3.0 | 4.00 | 60.00 | 64.00 | OK | |
r-oldrel-macos-arm64 | 0.3.0 | 19.00 | OK | |||
r-oldrel-macos-x86_64 | 0.3.0 | 28.00 | OK | |||
r-oldrel-windows-x86_64 | 0.3.0 | 5.00 | 87.00 | 92.00 | OK |
Version: 0.3.0
Check: dependencies in R code
Result: NOTE
Namespace in Imports field not imported from: ‘R6’
All declared Imports should be used.
Flavors: r-devel-linux-x86_64-fedora-clang, r-devel-linux-x86_64-fedora-gcc
These binaries (installable software) and packages are in development.
They may not be fully stable and should be used with caution. We make no claims about them.