Last updated on 2025-11-13 21:50:07 CET.
| Flavor | Version | Tinstall | Tcheck | Ttotal | Status | Flags |
|---|---|---|---|---|---|---|
| r-devel-linux-x86_64-debian-clang | 0.3.0 | 2.95 | 30.44 | 33.39 | OK | |
| r-devel-linux-x86_64-debian-gcc | 0.3.0 | 2.27 | 23.98 | 26.25 | OK | |
| r-devel-linux-x86_64-fedora-clang | 0.3.0 | 47.19 | NOTE | |||
| r-devel-linux-x86_64-fedora-gcc | 0.3.0 | 45.19 | NOTE | |||
| r-devel-windows-x86_64 | 0.3.0 | 4.00 | 51.00 | 55.00 | OK | |
| r-patched-linux-x86_64 | 0.3.0 | 3.52 | 27.37 | 30.89 | OK | |
| r-release-linux-x86_64 | 0.3.0 | 1.91 | 27.30 | 29.21 | OK | |
| r-release-macos-arm64 | 0.3.0 | 2.00 | 19.00 | 21.00 | OK | |
| r-release-macos-x86_64 | 0.3.0 | 2.00 | 29.00 | 31.00 | OK | |
| r-release-windows-x86_64 | 0.3.0 | 5.00 | 58.00 | 63.00 | OK | |
| r-oldrel-macos-arm64 | 0.3.0 | 2.00 | 16.00 | 18.00 | OK | |
| r-oldrel-macos-x86_64 | 0.3.0 | 3.00 | 24.00 | 27.00 | OK | |
| r-oldrel-windows-x86_64 | 0.3.0 | 6.00 | 60.00 | 66.00 | OK |
Version: 0.3.0
Check: dependencies in R code
Result: NOTE
Namespace in Imports field not imported from: ‘R6’
All declared Imports should be used.
Flavors: r-devel-linux-x86_64-fedora-clang, r-devel-linux-x86_64-fedora-gcc
These binaries (installable software) and packages are in development.
They may not be fully stable and should be used with caution. We make no claims about them.