Last updated on 2025-10-23 23:49:42 CEST.
| Flavor | Version | Tinstall | Tcheck | Ttotal | Status | Flags |
|---|---|---|---|---|---|---|
| r-devel-linux-x86_64-debian-clang | 0.3.0 | 3.36 | 30.44 | 33.80 | OK | |
| r-devel-linux-x86_64-debian-gcc | 0.3.0 | 2.25 | 23.58 | 25.83 | OK | |
| r-devel-linux-x86_64-fedora-clang | 0.3.0 | 46.73 | NOTE | |||
| r-devel-linux-x86_64-fedora-gcc | 0.3.0 | 12.00 | 34.70 | 46.70 | NOTE | |
| r-devel-windows-x86_64 | 0.3.0 | 4.00 | 52.00 | 56.00 | OK | |
| r-patched-linux-x86_64 | 0.3.0 | 3.62 | 27.12 | 30.74 | OK | |
| r-release-linux-x86_64 | 0.3.0 | 2.92 | 27.25 | 30.17 | OK | |
| r-release-macos-arm64 | 0.3.0 | 2.00 | 19.00 | 21.00 | OK | |
| r-release-macos-x86_64 | 0.3.0 | 2.00 | 29.00 | 31.00 | OK | |
| r-release-windows-x86_64 | 0.3.0 | 5.00 | 54.00 | 59.00 | OK | |
| r-oldrel-macos-arm64 | 0.3.0 | 2.00 | 16.00 | 18.00 | OK | |
| r-oldrel-macos-x86_64 | 0.3.0 | 3.00 | 24.00 | 27.00 | OK | |
| r-oldrel-windows-x86_64 | 0.3.0 | 5.00 | 60.00 | 65.00 | OK |
Version: 0.3.0
Check: dependencies in R code
Result: NOTE
Namespace in Imports field not imported from: ‘R6’
All declared Imports should be used.
Flavors: r-devel-linux-x86_64-fedora-clang, r-devel-linux-x86_64-fedora-gcc
These binaries (installable software) and packages are in development.
They may not be fully stable and should be used with caution. We make no claims about them.