Last updated on 2025-05-01 15:49:42 CEST.
Flavor | Version | Tinstall | Tcheck | Ttotal | Status | Flags |
---|---|---|---|---|---|---|
r-devel-linux-x86_64-debian-clang | 0.4.0 | 6.40 | 114.64 | 121.04 | NOTE | |
r-devel-linux-x86_64-debian-gcc | 0.4.0 | 4.29 | 82.40 | 86.69 | NOTE | |
r-devel-linux-x86_64-fedora-clang | 0.4.0 | 176.44 | OK | |||
r-devel-linux-x86_64-fedora-gcc | 0.4.0 | 189.48 | OK | |||
r-devel-windows-x86_64 | 0.4.0 | 10.00 | 120.00 | 130.00 | NOTE | |
r-patched-linux-x86_64 | 0.4.0 | 5.51 | 111.50 | 117.01 | NOTE | |
r-release-linux-x86_64 | NOTE | |||||
r-release-macos-arm64 | 0.4.0 | 58.00 | OK | |||
r-release-macos-x86_64 | 0.4.0 | 118.00 | OK | |||
r-release-windows-x86_64 | 0.4.0 | 11.00 | 125.00 | 136.00 | NOTE | |
r-oldrel-macos-arm64 | 0.4.0 | 59.00 | OK | |||
r-oldrel-macos-x86_64 | 0.4.0 | 104.00 | OK | |||
r-oldrel-windows-x86_64 | 0.4.0 | 13.00 | 144.00 | 157.00 | OK |
Version: 0.4.0
Check: Rd cross-references
Result: NOTE
Found the following Rd file(s) with Rd \link{} targets missing package
anchors:
conduct_ri.Rd: declare_ra, obtain_permutation_matrix
Please provide package anchors for all Rd \link{} targets not in the
package itself and the base packages.
Flavors: r-devel-linux-x86_64-debian-clang, r-devel-linux-x86_64-debian-gcc, r-devel-windows-x86_64, r-patched-linux-x86_64, r-release-linux-x86_64, r-release-windows-x86_64
These binaries (installable software) and packages are in development.
They may not be fully stable and should be used with caution. We make no claims about them.