Last updated on 2025-02-16 08:50:59 CET.
Flavor | Version | Tinstall | Tcheck | Ttotal | Status | Flags |
---|---|---|---|---|---|---|
r-devel-linux-x86_64-debian-clang | 1.0.0 | 29.54 | 305.80 | 335.34 | OK | |
r-devel-linux-x86_64-debian-gcc | 1.0.0 | 17.76 | 193.83 | 211.59 | OK | |
r-devel-linux-x86_64-fedora-clang | 1.0.0 | 539.93 | OK | |||
r-devel-linux-x86_64-fedora-gcc | 1.0.0 | 617.10 | NOTE | |||
r-devel-macos-arm64 | 1.0.0 | 181.00 | OK | |||
r-devel-macos-x86_64 | 1.0.0 | 315.00 | OK | |||
r-devel-windows-x86_64 | 1.0.0 | 27.00 | 265.00 | 292.00 | OK | |
r-patched-linux-x86_64 | 1.0.0 | 28.02 | 282.20 | 310.22 | OK | |
r-release-linux-x86_64 | 1.0.0 | 25.05 | 285.33 | 310.38 | OK | |
r-release-macos-arm64 | 1.0.0 | 184.00 | OK | |||
r-release-macos-x86_64 | 1.0.0 | 344.00 | OK | |||
r-release-windows-x86_64 | 1.0.0 | 26.00 | 262.00 | 288.00 | OK | |
r-oldrel-macos-arm64 | 1.0.0 | 177.00 | OK | |||
r-oldrel-macos-x86_64 | 1.0.0 | 319.00 | OK | |||
r-oldrel-windows-x86_64 | 1.0.0 | 37.00 | 333.00 | 370.00 | OK |
Version: 1.0.0
Check: for non-standard things in the check directory
Result: NOTE
Found the following files/directories:
‘rnaturalearthhires’
Flavor: r-devel-linux-x86_64-fedora-gcc
These binaries (installable software) and packages are in development.
They may not be fully stable and should be used with caution. We make no claims about them.