Last updated on 2025-05-01 12:49:39 CEST.
Flavor | Version | Tinstall | Tcheck | Ttotal | Status | Flags |
---|---|---|---|---|---|---|
r-devel-linux-x86_64-debian-clang | 1.1.1 | 9.92 | 162.70 | 172.62 | NOTE | |
r-devel-linux-x86_64-debian-gcc | 1.1.1 | 6.09 | 111.02 | 117.11 | OK | |
r-devel-linux-x86_64-fedora-clang | 1.1.1 | 263.61 | OK | |||
r-devel-linux-x86_64-fedora-gcc | 1.1.1 | 366.14 | NOTE | |||
r-devel-windows-x86_64 | 1.1.1 | 11.00 | 191.00 | 202.00 | OK | |
r-patched-linux-x86_64 | 1.1.1 | 10.60 | 155.82 | 166.42 | OK | |
r-release-linux-x86_64 | OK | |||||
r-release-macos-arm64 | 1.1.1 | 121.00 | OK | |||
r-release-macos-x86_64 | 1.1.1 | 273.00 | OK | |||
r-release-windows-x86_64 | 1.1.1 | 11.00 | 190.00 | 201.00 | OK | |
r-oldrel-macos-arm64 | 1.1.1 | 142.00 | OK | |||
r-oldrel-macos-x86_64 | 1.1.1 | 297.00 | OK | |||
r-oldrel-windows-x86_64 | 1.1.1 | 13.00 | 237.00 | 250.00 | OK |
Version: 1.1.1
Check: examples
Result: NOTE
Examples with CPU (user + system) or elapsed time > 5s
user system elapsed
find.shells 11.135 0.228 14.984
Flavor: r-devel-linux-x86_64-debian-clang
Version: 1.1.1
Check: examples
Result: NA
user system elapsed
find.shells 6.479 0.196 8.548
OK
Flavor: r-devel-linux-x86_64-debian-gcc
Version: 1.1.1
Check: for non-standard things in the check directory
Result: NOTE
Found the following files/directories:
‘rnaturalearthhires’
Flavor: r-devel-linux-x86_64-fedora-gcc
These binaries (installable software) and packages are in development.
They may not be fully stable and should be used with caution. We make no claims about them.