CRAN Package Check Results for Package rice

Last updated on 2025-07-05 19:50:43 CEST.

Flavor Version Tinstall Tcheck Ttotal Status Flags
r-devel-linux-x86_64-debian-clang 1.2.0 9.82 181.17 190.99 OK
r-devel-linux-x86_64-debian-gcc 1.2.0 6.43 122.50 128.93 OK
r-devel-linux-x86_64-fedora-clang 1.2.0 284.66 OK
r-devel-linux-x86_64-fedora-gcc 1.2.0 422.90 NOTE
r-devel-windows-x86_64 1.2.0 13.00 207.00 220.00 OK
r-patched-linux-x86_64 1.2.0 10.92 173.42 184.34 OK
r-release-linux-x86_64 1.2.0 8.84 170.75 179.59 OK
r-release-macos-arm64 1.2.0 142.00 OK
r-release-macos-x86_64 1.2.0 294.00 OK
r-release-windows-x86_64 1.2.0 11.00 204.00 215.00 OK
r-oldrel-macos-arm64 1.2.0 141.00 OK
r-oldrel-macos-x86_64 1.2.0 237.00 OK
r-oldrel-windows-x86_64 1.2.0 15.00 261.00 276.00 OK

Check Details

Version: 1.2.0
Check: for non-standard things in the check directory
Result: NOTE Found the following files/directories: ‘rnaturalearthhires’ Flavor: r-devel-linux-x86_64-fedora-gcc

These binaries (installable software) and packages are in development.
They may not be fully stable and should be used with caution. We make no claims about them.