Last updated on 2025-10-23 17:50:59 CEST.
Flavor | Version | Tinstall | Tcheck | Ttotal | Status | Flags |
---|---|---|---|---|---|---|
r-devel-linux-x86_64-debian-clang | 1.4.0 | 11.21 | 166.09 | 177.30 | OK | |
r-devel-linux-x86_64-debian-gcc | 1.4.0 | 6.82 | 114.40 | 121.22 | OK | |
r-devel-linux-x86_64-fedora-clang | 1.4.0 | 21.00 | 247.19 | 268.19 | OK | |
r-devel-linux-x86_64-fedora-gcc | 1.4.0 | 40.00 | 386.17 | 426.17 | NOTE | |
r-devel-windows-x86_64 | 1.4.0 | 13.00 | 195.00 | 208.00 | OK | |
r-patched-linux-x86_64 | 1.4.0 | 10.90 | 158.72 | 169.62 | OK | |
r-release-linux-x86_64 | 1.4.0 | 9.72 | 160.04 | 169.76 | OK | |
r-release-macos-arm64 | 1.4.0 | 4.00 | 122.00 | 126.00 | OK | |
r-release-macos-x86_64 | 1.4.0 | 12.00 | 321.00 | 333.00 | OK | |
r-release-windows-x86_64 | 1.4.0 | 14.00 | 194.00 | 208.00 | OK | |
r-oldrel-macos-arm64 | 1.4.0 | 4.00 | 137.00 | 141.00 | OK | |
r-oldrel-macos-x86_64 | 1.4.0 | 12.00 | 356.00 | 368.00 | OK | |
r-oldrel-windows-x86_64 | 1.4.0 | 17.00 | 245.00 | 262.00 | OK |
Version: 1.4.0
Check: for non-standard things in the check directory
Result: NOTE
Found the following files/directories:
‘rnaturalearthhires’
Flavor: r-devel-linux-x86_64-fedora-gcc
These binaries (installable software) and packages are in development.
They may not be fully stable and should be used with caution. We make no claims about them.