CRAN Package Check Results for Package ricu

Last updated on 2025-05-24 15:53:22 CEST.

Flavor Version Tinstall Tcheck Ttotal Status Flags
r-devel-linux-x86_64-debian-clang 0.5.6 15.54 158.95 174.49 NOTE
r-devel-linux-x86_64-debian-gcc 0.5.6 9.16 114.08 123.24 NOTE
r-devel-linux-x86_64-fedora-clang 0.5.6 266.06 OK
r-devel-linux-x86_64-fedora-gcc 0.5.6 261.99 OK
r-devel-windows-x86_64 0.5.6 20.00 174.00 194.00 NOTE
r-patched-linux-x86_64 0.5.6 15.93 150.62 166.55 NOTE
r-release-linux-x86_64 0.5.6 12.90 147.48 160.38 NOTE
r-release-macos-arm64 0.5.6 76.00 OK
r-release-macos-x86_64 0.5.6 186.00 OK
r-release-windows-x86_64 0.5.6 21.00 229.00 250.00 NOTE
r-oldrel-macos-arm64 0.5.6 74.00 NOTE
r-oldrel-macos-x86_64 0.5.6 118.00 NOTE
r-oldrel-windows-x86_64 0.5.6 22.00 203.00 225.00 NOTE

Check Details

Version: 0.5.6
Check: Rd cross-references
Result: NOTE Found the following Rd file(s) with Rd \link{} targets missing package anchors: ts_utils.Rd: data.table Please provide package anchors for all Rd \link{} targets not in the package itself and the base packages. Flavors: r-devel-linux-x86_64-debian-clang, r-devel-linux-x86_64-debian-gcc, r-devel-windows-x86_64, r-patched-linux-x86_64, r-release-linux-x86_64, r-release-windows-x86_64

Version: 0.5.6
Check: package dependencies
Result: NOTE Packages suggested but not available for checking: 'mimic.demo', 'eicu.demo' Flavors: r-oldrel-macos-arm64, r-oldrel-macos-x86_64, r-oldrel-windows-x86_64

These binaries (installable software) and packages are in development.
They may not be fully stable and should be used with caution. We make no claims about them.