Last updated on 2025-11-11 15:50:45 CET.
| Flavor | Version | Tinstall | Tcheck | Ttotal | Status | Flags |
|---|---|---|---|---|---|---|
| r-devel-linux-x86_64-debian-clang | 0.6.3 | 14.97 | 168.00 | 182.97 | OK | |
| r-devel-linux-x86_64-debian-gcc | 0.6.3 | 9.79 | 119.12 | 128.91 | OK | |
| r-devel-linux-x86_64-fedora-clang | 0.6.3 | 34.00 | 233.36 | 267.36 | OK | |
| r-devel-linux-x86_64-fedora-gcc | 0.6.3 | 28.00 | 241.29 | 269.29 | OK | |
| r-devel-windows-x86_64 | 0.6.3 | 17.00 | 295.00 | 312.00 | OK | |
| r-patched-linux-x86_64 | 0.6.3 | 16.31 | 158.04 | 174.35 | OK | |
| r-release-linux-x86_64 | 0.6.3 | 15.62 | 152.72 | 168.34 | OK | |
| r-release-macos-arm64 | 0.6.3 | 6.00 | 86.00 | 92.00 | OK | |
| r-release-macos-x86_64 | 0.6.3 | 17.00 | 172.00 | 189.00 | OK | |
| r-release-windows-x86_64 | 0.6.3 | 18.00 | 170.00 | 188.00 | OK | |
| r-oldrel-macos-arm64 | 0.6.3 | 8.00 | 69.00 | 77.00 | NOTE | |
| r-oldrel-macos-x86_64 | 0.6.3 | 16.00 | 163.00 | 179.00 | NOTE | |
| r-oldrel-windows-x86_64 | 0.6.3 | 24.00 | 206.00 | 230.00 | NOTE |
Version: 0.6.3
Check: package dependencies
Result: NOTE
Packages suggested but not available for checking:
'mimic.demo', 'eicu.demo'
Flavors: r-oldrel-macos-arm64, r-oldrel-macos-x86_64, r-oldrel-windows-x86_64
These binaries (installable software) and packages are in development.
They may not be fully stable and should be used with caution. We make no claims about them.