Last updated on 2025-10-03 01:49:59 CEST.
Flavor | Version | Tinstall | Tcheck | Ttotal | Status | Flags |
---|---|---|---|---|---|---|
r-devel-linux-x86_64-debian-clang | 0.0.1 | 19.98 | 36.31 | 56.29 | NOTE | |
r-devel-linux-x86_64-debian-gcc | 0.0.1 | 16.14 | 28.57 | 44.71 | NOTE | |
r-devel-linux-x86_64-fedora-clang | 0.0.1 | 93.57 | OK | |||
r-devel-linux-x86_64-fedora-gcc | 0.0.1 | 93.03 | OK | |||
r-devel-windows-x86_64 | 0.0.1 | 29.00 | 72.00 | 101.00 | OK | |
r-patched-linux-x86_64 | 0.0.1 | 22.48 | 34.88 | 57.36 | OK | |
r-release-linux-x86_64 | 0.0.1 | 21.00 | 35.12 | 56.12 | OK | |
r-release-macos-arm64 | 0.0.1 | 29.00 | OK | |||
r-release-macos-x86_64 | 0.0.1 | 48.00 | OK | |||
r-release-windows-x86_64 | 0.0.1 | 29.00 | 72.00 | 101.00 | OK | |
r-oldrel-macos-arm64 | 0.0.1 | 30.00 | OK | |||
r-oldrel-macos-x86_64 | 0.0.1 | 44.00 | OK | |||
r-oldrel-windows-x86_64 | 0.0.1 | 33.00 | 89.00 | 122.00 | OK |
Version: 0.0.1
Check: CRAN incoming feasibility
Result: NOTE
Maintainer: ‘Xinyuan Fan <fxy22@mails.tsinghua.edu.cn>’
The Description field contains
and Wu (2024) <arXiv:2403.00600>.
Please refer to arXiv e-prints via their arXiv DOI <doi:10.48550/arXiv.YYMM.NNNNN>.
Flavors: r-devel-linux-x86_64-debian-clang, r-devel-linux-x86_64-debian-gcc
These binaries (installable software) and packages are in development.
They may not be fully stable and should be used with caution. We make no claims about them.