Last updated on 2025-05-21 21:49:28 CEST.
Flavor | Version | Tinstall | Tcheck | Ttotal | Status | Flags |
---|---|---|---|---|---|---|
r-devel-linux-x86_64-debian-clang | 0.0.1 | 19.43 | 34.38 | 53.81 | NOTE | |
r-devel-linux-x86_64-debian-gcc | 0.0.1 | 15.48 | 27.36 | 42.84 | NOTE | |
r-devel-linux-x86_64-fedora-clang | 0.0.1 | 93.11 | OK | |||
r-devel-linux-x86_64-fedora-gcc | 0.0.1 | 99.16 | OK | |||
r-devel-windows-x86_64 | 0.0.1 | 28.00 | 77.00 | 105.00 | OK | |
r-patched-linux-x86_64 | 0.0.1 | 21.94 | 34.24 | 56.18 | OK | |
r-release-linux-x86_64 | 0.0.1 | 22.66 | 34.08 | 56.74 | OK | |
r-release-macos-arm64 | 0.0.1 | 29.00 | OK | |||
r-release-macos-x86_64 | 0.0.1 | 48.00 | OK | |||
r-release-windows-x86_64 | 0.0.1 | 28.00 | 84.00 | 112.00 | OK | |
r-oldrel-macos-arm64 | 0.0.1 | 30.00 | OK | |||
r-oldrel-macos-x86_64 | 0.0.1 | 44.00 | OK | |||
r-oldrel-windows-x86_64 | 0.0.1 | 31.00 | 84.00 | 115.00 | OK |
Version: 0.0.1
Check: CRAN incoming feasibility
Result: NOTE
Maintainer: ‘Xinyuan Fan <fxy22@mails.tsinghua.edu.cn>’
The Description field contains
and Wu (2024) <arXiv:2403.00600>.
Please refer to arXiv e-prints via their arXiv DOI <doi:10.48550/arXiv.YYMM.NNNNN>.
Flavors: r-devel-linux-x86_64-debian-clang, r-devel-linux-x86_64-debian-gcc
These binaries (installable software) and packages are in development.
They may not be fully stable and should be used with caution. We make no claims about them.