CRAN Package Check Results for Package ridge

Last updated on 2025-11-11 15:50:45 CET.

Flavor Version Tinstall Tcheck Ttotal Status Flags
r-devel-linux-x86_64-debian-clang 3.3 10.23 39.18 49.41 NOTE
r-devel-linux-x86_64-debian-gcc 3.3 8.07 32.44 40.51 NOTE
r-devel-linux-x86_64-fedora-clang 3.3 24.00 53.27 77.27 OK
r-devel-linux-x86_64-fedora-gcc 3.3 22.00 51.40 73.40 OK
r-devel-windows-x86_64 3.3 14.00 174.00 188.00 OK
r-patched-linux-x86_64 3.3 9.22 42.60 51.82 OK
r-release-linux-x86_64 3.3 8.91 42.57 51.48 OK
r-release-macos-arm64 3.3 12.00 29.00 41.00 OK
r-release-macos-x86_64 3.3 17.00 42.00 59.00 OK
r-release-windows-x86_64 3.3 16.00 66.00 82.00 OK
r-oldrel-macos-arm64 3.3 10.00 23.00 33.00 OK
r-oldrel-macos-x86_64 3.3 11.00 35.00 46.00 OK
r-oldrel-windows-x86_64 3.3 20.00 83.00 103.00 OK

Check Details

Version: 3.3
Check: CRAN incoming feasibility
Result: NOTE Maintainer: ‘Steffen Moritz <steffen.moritz10@gmail.com>’ Package CITATION file contains call(s) to old-style personList() or as.personList(). Please use c() on person objects instead. Flavors: r-devel-linux-x86_64-debian-clang, r-devel-linux-x86_64-debian-gcc

These binaries (installable software) and packages are in development.
They may not be fully stable and should be used with caution. We make no claims about them.