Last updated on 2025-11-14 09:50:13 CET.
| Flavor | Version | Tinstall | Tcheck | Ttotal | Status | Flags |
|---|---|---|---|---|---|---|
| r-devel-linux-x86_64-debian-clang | 0.1.0 | 7.50 | 91.82 | 99.32 | OK | |
| r-devel-linux-x86_64-debian-gcc | 0.2.5 | 94.53 | 105.19 | 199.72 | OK | |
| r-devel-linux-x86_64-fedora-clang | 0.2.5 | 453.00 | -3.75 | 449.25 | OK | |
| r-devel-linux-x86_64-fedora-gcc | 0.2.5 | 381.00 | 108.58 | 489.58 | OK | |
| r-devel-windows-x86_64 | 0.2.5 | 119.00 | 202.00 | 321.00 | OK | |
| r-patched-linux-x86_64 | 0.2.5 | 132.88 | 143.11 | 275.99 | OK | |
| r-release-linux-x86_64 | 0.1.0 | 8.09 | 88.83 | 96.92 | OK | |
| r-release-macos-arm64 | 0.2.5 | 50.00 | 78.00 | 128.00 | OK | |
| r-release-macos-x86_64 | 0.2.5 | 25.00 | 86.00 | 111.00 | OK | |
| r-release-windows-x86_64 | 0.2.5 | 113.00 | 186.00 | 299.00 | OK | |
| r-oldrel-macos-arm64 | 0.2.5 | 49.00 | 85.00 | 134.00 | NOTE | |
| r-oldrel-macos-x86_64 | 0.2.5 | 24.00 | 92.00 | 116.00 | NOTE | |
| r-oldrel-windows-x86_64 | 0.2.5 | 101.00 | 212.00 | 313.00 | OK |
Version: 0.2.5
Check: installed package size
Result: NOTE
installed size is 24.4Mb
sub-directories of 1Mb or more:
libs 23.7Mb
Flavors: r-oldrel-macos-arm64, r-oldrel-macos-x86_64
These binaries (installable software) and packages are in development.
They may not be fully stable and should be used with caution. We make no claims about them.