Last updated on 2025-05-01 14:49:20 CEST.
Flavor | Version | Tinstall | Tcheck | Ttotal | Status | Flags |
---|---|---|---|---|---|---|
r-devel-linux-x86_64-debian-clang | 0.1.0 | 7.06 | 152.16 | 159.22 | NOTE | |
r-devel-linux-x86_64-debian-gcc | 0.1.0 | 5.38 | 103.48 | 108.86 | OK | |
r-devel-linux-x86_64-fedora-clang | 0.1.0 | 238.38 | OK | |||
r-devel-linux-x86_64-fedora-gcc | 0.1.0 | 228.17 | OK | |||
r-devel-windows-x86_64 | 0.1.0 | 8.00 | 169.00 | 177.00 | OK | |
r-patched-linux-x86_64 | 0.1.0 | 5.93 | 141.04 | 146.97 | OK | |
r-release-linux-x86_64 | OK | |||||
r-release-macos-arm64 | 0.1.0 | 67.00 | OK | |||
r-release-macos-x86_64 | 0.1.0 | 148.00 | OK | |||
r-release-windows-x86_64 | 0.1.0 | 9.00 | 165.00 | 174.00 | OK | |
r-oldrel-macos-arm64 | 0.1.0 | 70.00 | OK | |||
r-oldrel-macos-x86_64 | 0.1.0 | 103.00 | OK | |||
r-oldrel-windows-x86_64 | 0.1.0 | 11.00 | 197.00 | 208.00 | OK |
Version: 0.1.0
Check: examples
Result: NOTE
Examples with CPU (user + system) or elapsed time > 5s
user system elapsed
plot.rifreg 7.889 0.201 9.659
Flavor: r-devel-linux-x86_64-debian-clang
Version: 0.1.0
Check: examples
Result: NA
user system elapsed
plot.rifreg 5.302 0.641 7.053
OK
Flavor: r-devel-linux-x86_64-debian-gcc
These binaries (installable software) and packages are in development.
They may not be fully stable and should be used with caution. We make no claims about them.