Last updated on 2025-02-16 08:50:59 CET.
Flavor | Version | Tinstall | Tcheck | Ttotal | Status | Flags |
---|---|---|---|---|---|---|
r-devel-linux-x86_64-debian-clang | 1.0.4 | 7.66 | 85.06 | 92.72 | NOTE | |
r-devel-linux-x86_64-debian-gcc | 1.0.4 | 6.08 | 59.37 | 65.45 | NOTE | |
r-devel-linux-x86_64-fedora-clang | 1.0.4 | 155.03 | NOTE | |||
r-devel-linux-x86_64-fedora-gcc | 1.0.4 | 154.17 | NOTE | |||
r-devel-macos-arm64 | 1.0.4 | 50.00 | NOTE | |||
r-devel-macos-x86_64 | 1.0.4 | 105.00 | NOTE | |||
r-devel-windows-x86_64 | 1.0.4 | 10.00 | 103.00 | 113.00 | NOTE | |
r-patched-linux-x86_64 | 1.0.4 | 8.63 | 79.72 | 88.35 | NOTE | |
r-release-linux-x86_64 | 1.0.4 | 6.69 | 81.06 | 87.75 | NOTE | |
r-release-macos-arm64 | 1.0.4 | 48.00 | NOTE | |||
r-release-macos-x86_64 | 1.0.4 | 75.00 | NOTE | |||
r-release-windows-x86_64 | 1.0.4 | 10.00 | 104.00 | 114.00 | NOTE | |
r-oldrel-macos-arm64 | 1.0.4 | 50.00 | OK | |||
r-oldrel-macos-x86_64 | 1.0.4 | 81.00 | OK | |||
r-oldrel-windows-x86_64 | 1.0.4 | 14.00 | 116.00 | 130.00 | OK |
Version: 1.0.4
Check: Rd files
Result: NOTE
checkRd: (-1) descrip.Rd:122: Lost braces in \itemize; \value handles \item{}{} directly
checkRd: (-1) descrip.Rd:123: Lost braces in \itemize; \value handles \item{}{} directly
checkRd: (-1) descrip.Rd:124-125: Lost braces in \itemize; \value handles \item{}{} directly
checkRd: (-1) descrip.Rd:126-128: Lost braces in \itemize; \value handles \item{}{} directly
checkRd: (-1) descrip.Rd:129-133: Lost braces in \itemize; \value handles \item{}{} directly
checkRd: (-1) descrip.Rd:134-135: Lost braces in \itemize; \value handles \item{}{} directly
checkRd: (-1) descrip.Rd:136-138: Lost braces in \itemize; \value handles \item{}{} directly
checkRd: (-1) descrip.Rd:139-140: Lost braces in \itemize; \value handles \item{}{} directly
checkRd: (-1) descrip.Rd:141-144: Lost braces in \itemize; \value handles \item{}{} directly
checkRd: (-1) descrip.Rd:145-146: Lost braces in \itemize; \value handles \item{}{} directly
checkRd: (-1) descrip.Rd:147: Lost braces in \itemize; \value handles \item{}{} directly
checkRd: (-1) descrip.Rd:148: Lost braces in \itemize; \value handles \item{}{} directly
checkRd: (-1) descrip.Rd:149: Lost braces in \itemize; \value handles \item{}{} directly
Flavors: r-devel-linux-x86_64-debian-clang, r-devel-linux-x86_64-debian-gcc, r-devel-linux-x86_64-fedora-clang, r-devel-linux-x86_64-fedora-gcc, r-devel-macos-arm64, r-devel-macos-x86_64, r-devel-windows-x86_64, r-patched-linux-x86_64, r-release-linux-x86_64, r-release-macos-arm64, r-release-macos-x86_64, r-release-windows-x86_64
These binaries (installable software) and packages are in development.
They may not be fully stable and should be used with caution. We make no claims about them.