Last updated on 2025-02-16 08:50:59 CET.
Flavor | Version | Tinstall | Tcheck | Ttotal | Status | Flags |
---|---|---|---|---|---|---|
r-devel-linux-x86_64-debian-clang | 0.1.9 | 5.49 | 50.89 | 56.38 | NOTE | |
r-devel-linux-x86_64-debian-gcc | 0.1.9 | 3.64 | 38.26 | 41.90 | NOTE | |
r-devel-linux-x86_64-fedora-clang | 0.1.9 | 90.53 | OK | |||
r-devel-linux-x86_64-fedora-gcc | 0.1.9 | 95.94 | OK | |||
r-devel-macos-arm64 | 0.1.9 | 37.00 | OK | |||
r-devel-macos-x86_64 | 0.1.9 | 71.00 | OK | |||
r-devel-windows-x86_64 | 0.1.9 | 7.00 | 68.00 | 75.00 | NOTE | |
r-patched-linux-x86_64 | 0.1.9 | 8.59 | 46.91 | 55.50 | OK | |
r-release-linux-x86_64 | 0.1.9 | 4.26 | 46.72 | 50.98 | OK | |
r-release-macos-arm64 | 0.1.9 | 36.00 | OK | |||
r-release-macos-x86_64 | 0.1.9 | 60.00 | OK | |||
r-release-windows-x86_64 | 0.1.9 | 7.00 | 68.00 | 75.00 | OK | |
r-oldrel-macos-arm64 | 0.1.9 | 39.00 | OK | |||
r-oldrel-macos-x86_64 | 0.1.9 | 55.00 | OK | |||
r-oldrel-windows-x86_64 | 0.1.9 | 8.00 | 92.00 | 100.00 | OK |
Version: 0.1.9
Check: Rd cross-references
Result: NOTE
Found the following Rd file(s) with Rd \link{} targets missing package
anchors:
inat_map.Rd: map
Please provide package anchors for all Rd \link{} targets not in the
package itself and the base packages.
Flavors: r-devel-linux-x86_64-debian-clang, r-devel-linux-x86_64-debian-gcc, r-devel-windows-x86_64
These binaries (installable software) and packages are in development.
They may not be fully stable and should be used with caution. We make no claims about them.