CRAN Package Check Results for Package ripc

Last updated on 2025-11-12 18:50:44 CET.

Flavor Version Tinstall Tcheck Ttotal Status Flags
r-devel-linux-x86_64-debian-clang 0.3.1 3.68 41.84 45.52 NOTE
r-devel-linux-x86_64-debian-gcc 0.3.1 2.98 31.10 34.08 NOTE
r-devel-linux-x86_64-fedora-clang 0.3.1 11.00 58.63 69.63 NOTE
r-devel-linux-x86_64-fedora-gcc 0.3.1 10.00 70.85 80.85 NOTE
r-devel-windows-x86_64 0.3.1 6.00 180.00 186.00 NOTE
r-patched-linux-x86_64 0.3.1 4.60 37.35 41.95 NOTE
r-release-linux-x86_64 0.3.1 4.16 37.96 42.12 NOTE
r-release-macos-arm64 0.3.1 2.00 24.00 26.00 NOTE
r-release-macos-x86_64 0.3.1 3.00 40.00 43.00 NOTE
r-release-windows-x86_64 0.3.1 7.00 55.00 62.00 NOTE
r-oldrel-macos-arm64 0.3.1 2.00 36.00 38.00 OK
r-oldrel-macos-x86_64 0.3.1 4.00 53.00 57.00 OK
r-oldrel-windows-x86_64 0.3.1 9.00 68.00 77.00 OK

Check Details

Version: 0.3.1
Check: DESCRIPTION meta-information
Result: NOTE Missing dependency on R >= 4.1.0 because package code uses the pipe |> or function shorthand \(...) syntax added in R 4.1.0. File(s) using such syntax: ‘population_utils.R’ Flavors: r-devel-linux-x86_64-debian-clang, r-devel-linux-x86_64-debian-gcc, r-devel-linux-x86_64-fedora-clang, r-devel-linux-x86_64-fedora-gcc, r-devel-windows-x86_64, r-patched-linux-x86_64, r-release-linux-x86_64, r-release-macos-arm64, r-release-macos-x86_64, r-release-windows-x86_64

These binaries (installable software) and packages are in development.
They may not be fully stable and should be used with caution. We make no claims about them.