Last updated on 2025-05-01 14:49:20 CEST.
Flavor | Version | Tinstall | Tcheck | Ttotal | Status | Flags |
---|---|---|---|---|---|---|
r-devel-linux-x86_64-debian-clang | 1.0.1 | 6.85 | 592.37 | 599.22 | NOTE | |
r-devel-linux-x86_64-debian-gcc | 1.0.1 | 5.08 | 421.22 | 426.30 | OK | |
r-devel-linux-x86_64-fedora-clang | 1.0.1 | 927.13 | OK | |||
r-devel-linux-x86_64-fedora-gcc | 1.0.1 | 917.43 | OK | |||
r-devel-windows-x86_64 | 1.0.1 | 9.00 | 548.00 | 557.00 | OK | |
r-patched-linux-x86_64 | 1.0.1 | 6.40 | 568.04 | 574.44 | OK | |
r-release-linux-x86_64 | OK | |||||
r-release-macos-arm64 | 1.0.1 | 256.00 | OK | |||
r-release-macos-x86_64 | 1.0.1 | 556.00 | OK | |||
r-release-windows-x86_64 | 1.0.1 | 9.00 | 546.00 | 555.00 | OK | |
r-oldrel-macos-arm64 | 1.0.1 | 252.00 | OK | |||
r-oldrel-macos-x86_64 | 1.0.1 | 397.00 | OK | |||
r-oldrel-windows-x86_64 | 1.0.1 | 11.00 | 744.00 | 755.00 | OK |
Version: 1.0.1
Check: examples
Result: NOTE
Examples with CPU (user + system) or elapsed time > 5s
user system elapsed
plot.gComp 9.417 0.085 12.516
Flavor: r-devel-linux-x86_64-debian-clang
Version: 1.0.1
Check: examples
Result: NA
user system elapsed
plot.gComp 6.873 0.228 8.064
OK
Flavor: r-devel-linux-x86_64-debian-gcc
These binaries (installable software) and packages are in development.
They may not be fully stable and should be used with caution. We make no claims about them.