Last updated on 2025-10-23 11:50:25 CEST.
Flavor | Version | Tinstall | Tcheck | Ttotal | Status | Flags |
---|---|---|---|---|---|---|
r-devel-linux-x86_64-debian-clang | 0.2.5 | 11.73 | 249.95 | 261.68 | NOTE | |
r-devel-linux-x86_64-debian-gcc | 0.2.5 | 7.29 | 186.00 | 193.29 | OK | |
r-devel-linux-x86_64-fedora-clang | 0.2.5 | 43.00 | 357.64 | 400.64 | OK | |
r-devel-linux-x86_64-fedora-gcc | 0.2.5 | 54.00 | 464.72 | 518.72 | OK | |
r-devel-windows-x86_64 | 0.2.5 | 35.00 | 480.00 | 515.00 | OK | |
r-patched-linux-x86_64 | 0.2.5 | 13.09 | 234.72 | 247.81 | OK | |
r-release-linux-x86_64 | 0.2.5 | 11.06 | 234.52 | 245.58 | OK | |
r-release-macos-arm64 | 0.2.5 | 25.00 | 311.00 | 336.00 | OK | |
r-release-macos-x86_64 | 0.2.5 | 30.00 | 271.00 | 301.00 | OK | |
r-release-windows-x86_64 | 0.2.5 | 39.00 | 308.00 | 347.00 | OK | |
r-oldrel-macos-arm64 | 0.2.5 | 25.00 | 173.00 | 198.00 | OK | |
r-oldrel-macos-x86_64 | 0.2.5 | 35.00 | 290.00 | 325.00 | OK | |
r-oldrel-windows-x86_64 | 0.2.5 | 39.00 | 354.00 | 393.00 | OK |
Version: 0.2.5
Check: HTML version of manual
Result: NOTE
Found the following HTML validation problems:
parse_dcf_dependencies.html:46:1 (parse_dcf_dependencies.Rd:10): Warning: missing </ul> before </div>
remove_base_packages.html:46:1 (remove_base_packages.Rd:10): Warning: missing </ul> before </div>
Flavor: r-devel-linux-x86_64-debian-clang
These binaries (installable software) and packages are in development.
They may not be fully stable and should be used with caution. We make no claims about them.