Last updated on 2025-10-23 17:51:00 CEST.
Flavor | Version | Tinstall | Tcheck | Ttotal | Status | Flags |
---|---|---|---|---|---|---|
r-devel-linux-x86_64-debian-clang | 0.17.1 | 10.19 | 156.28 | 166.47 | NOTE | |
r-devel-linux-x86_64-debian-gcc | 0.17.1 | 6.51 | 102.08 | 108.59 | NOTE | |
r-devel-linux-x86_64-fedora-clang | 0.17.1 | 28.00 | 231.38 | 259.38 | NOTE | |
r-devel-linux-x86_64-fedora-gcc | 0.17.1 | 47.00 | 231.74 | 278.74 | NOTE | |
r-devel-windows-x86_64 | 0.17.1 | 12.00 | 154.00 | 166.00 | NOTE | |
r-patched-linux-x86_64 | 0.17.1 | 12.99 | 147.78 | 160.77 | NOTE | |
r-release-linux-x86_64 | 0.17.1 | 9.71 | 149.09 | 158.80 | NOTE | |
r-release-macos-arm64 | 0.17.1 | 5.00 | 72.00 | 77.00 | NOTE | |
r-release-macos-x86_64 | 0.17.1 | 10.00 | 142.00 | 152.00 | NOTE | |
r-release-windows-x86_64 | 0.17.1 | 15.00 | 157.00 | 172.00 | NOTE | |
r-oldrel-macos-arm64 | 0.17.1 | 5.00 | 67.00 | 72.00 | OK | |
r-oldrel-macos-x86_64 | 0.17.1 | 9.00 | 116.00 | 125.00 | OK | |
r-oldrel-windows-x86_64 | 0.17.1 | 17.00 | 195.00 | 212.00 | OK |
Version: 0.17.1
Check: DESCRIPTION meta-information
Result: NOTE
Missing dependency on R >= 4.1.0 because package code uses the pipe
|> or function shorthand \(...) syntax added in R 4.1.0.
File(s) using such syntax:
‘plotdensity.R’
Flavors: r-devel-linux-x86_64-debian-clang, r-devel-linux-x86_64-debian-gcc, r-devel-linux-x86_64-fedora-clang, r-devel-linux-x86_64-fedora-gcc, r-devel-windows-x86_64, r-patched-linux-x86_64, r-release-linux-x86_64, r-release-macos-arm64, r-release-macos-x86_64, r-release-windows-x86_64
These binaries (installable software) and packages are in development.
They may not be fully stable and should be used with caution. We make no claims about them.