Last updated on 2025-10-24 01:50:38 CEST.
| Flavor | Version | Tinstall | Tcheck | Ttotal | Status | Flags |
|---|---|---|---|---|---|---|
| r-devel-linux-x86_64-debian-clang | 1.2.3 | 3.82 | 28.41 | 32.23 | NOTE | |
| r-devel-linux-x86_64-debian-gcc | 1.2.3 | 2.76 | 21.14 | 23.90 | NOTE | |
| r-devel-linux-x86_64-fedora-clang | 1.2.3 | 47.71 | OK | |||
| r-devel-linux-x86_64-fedora-gcc | 1.2.3 | 16.00 | 34.21 | 50.21 | OK | |
| r-devel-windows-x86_64 | 1.2.3 | 4.00 | 42.00 | 46.00 | OK | |
| r-patched-linux-x86_64 | 1.2.3 | 4.19 | 27.55 | 31.74 | OK | |
| r-release-linux-x86_64 | 1.2.3 | 3.50 | 26.61 | 30.11 | OK | |
| r-release-macos-arm64 | 1.2.3 | 2.00 | 15.00 | 17.00 | OK | |
| r-release-macos-x86_64 | 1.2.3 | 3.00 | 28.00 | 31.00 | OK | |
| r-release-windows-x86_64 | 1.2.3 | 5.00 | 48.00 | 53.00 | OK | |
| r-oldrel-macos-arm64 | 1.2.3 | 2.00 | 14.00 | 16.00 | OK | |
| r-oldrel-macos-x86_64 | 1.2.3 | 3.00 | 20.00 | 23.00 | OK | |
| r-oldrel-windows-x86_64 | 1.2.3 | 5.00 | 43.00 | 48.00 | OK |
Version: 1.2.3
Check: CRAN incoming feasibility
Result: NOTE
Maintainer: ‘Peter Reichert <peter.reichert@emeriti.eawag.ch>’
No Authors@R field in DESCRIPTION.
Please add one, modifying
Authors@R: person(given = "Peter",
family = "Reichert",
role = c("aut", "cre"),
email = "peter.reichert@emeriti.eawag.ch")
as necessary.
Flavors: r-devel-linux-x86_64-debian-clang, r-devel-linux-x86_64-debian-gcc
These binaries (installable software) and packages are in development.
They may not be fully stable and should be used with caution. We make no claims about them.