CRAN Package Check Results for Package rjqpd

Last updated on 2025-02-16 08:50:59 CET.

Flavor Version Tinstall Tcheck Ttotal Status Flags
r-devel-linux-x86_64-debian-clang 0.2.3 2.03 19.63 21.66 OK
r-devel-linux-x86_64-debian-gcc 0.2.3 1.49 16.48 17.97 OK
r-devel-linux-x86_64-fedora-clang 0.2.3 35.85 OK
r-devel-linux-x86_64-fedora-gcc 0.2.3 32.87 OK
r-devel-macos-arm64 0.2.3 15.00 OK
r-devel-macos-x86_64 0.2.3 25.00 OK
r-devel-windows-x86_64 0.2.3 4.00 43.00 47.00 OK
r-patched-linux-x86_64 0.2.3 1.91 18.82 20.73 NOTE
r-release-linux-x86_64 0.2.3 1.76 19.15 20.91 NOTE
r-release-macos-arm64 0.2.3 14.00 NOTE
r-release-macos-x86_64 0.2.3 22.00 NOTE
r-release-windows-x86_64 0.2.3 4.00 44.00 48.00 NOTE
r-oldrel-macos-arm64 0.2.3 14.00 NOTE
r-oldrel-macos-x86_64 0.2.3 19.00 NOTE
r-oldrel-windows-x86_64 0.2.3 4.00 47.00 51.00 NOTE

Check Details

Version: 0.2.3
Check: LazyData
Result: NOTE 'LazyData' is specified without a 'data' directory Flavors: r-patched-linux-x86_64, r-release-linux-x86_64, r-release-macos-arm64, r-release-macos-x86_64, r-release-windows-x86_64, r-oldrel-macos-arm64, r-oldrel-macos-x86_64, r-oldrel-windows-x86_64

These binaries (installable software) and packages are in development.
They may not be fully stable and should be used with caution. We make no claims about them.