CRAN Package Check Results for Package rjqpd

Last updated on 2025-05-08 04:52:16 CEST.

Flavor Version Tinstall Tcheck Ttotal Status Flags
r-devel-linux-x86_64-debian-clang 0.2.3 1.91 21.08 22.99 OK
r-devel-linux-x86_64-debian-gcc 0.2.3 1.66 17.35 19.01 OK
r-devel-linux-x86_64-fedora-clang 0.2.3 34.66 OK
r-devel-linux-x86_64-fedora-gcc 0.2.3 32.77 OK
r-devel-windows-x86_64 0.2.3 3.00 42.00 45.00 OK
r-patched-linux-x86_64 0.2.3 2.15 19.32 21.47 OK
r-release-linux-x86_64 0.2.3 1.98 19.42 21.40 OK
r-release-macos-arm64 0.2.3 17.00 OK
r-release-macos-x86_64 0.2.3 26.00 OK
r-release-windows-x86_64 0.2.3 3.00 47.00 50.00 OK
r-oldrel-macos-arm64 0.2.3 14.00 NOTE
r-oldrel-macos-x86_64 0.2.3 22.00 NOTE
r-oldrel-windows-x86_64 0.2.3 4.00 47.00 51.00 NOTE

Check Details

Version: 0.2.3
Check: LazyData
Result: NOTE 'LazyData' is specified without a 'data' directory Flavors: r-oldrel-macos-arm64, r-oldrel-macos-x86_64, r-oldrel-windows-x86_64

These binaries (installable software) and packages are in development.
They may not be fully stable and should be used with caution. We make no claims about them.