Last updated on 2025-11-13 17:50:46 CET.
| Flavor | Version | Tinstall | Tcheck | Ttotal | Status | Flags |
|---|---|---|---|---|---|---|
| r-devel-linux-x86_64-debian-clang | 1.3.2 | 206.11 | 37.49 | 243.60 | OK | |
| r-devel-linux-x86_64-debian-gcc | 1.3.2 | 190.95 | 30.17 | 221.12 | OK | |
| r-devel-linux-x86_64-fedora-clang | 1.3.2 | 167.00 | 173.28 | 340.28 | OK | |
| r-devel-linux-x86_64-fedora-gcc | 1.3.2 | 257.00 | 302.61 | 559.61 | OK | |
| r-devel-windows-x86_64 | 1.3.2 | 238.00 | 95.00 | 333.00 | OK | |
| r-patched-linux-x86_64 | 1.3.2 | 258.50 | 34.42 | 292.92 | OK | |
| r-release-linux-x86_64 | 1.3.2 | 247.88 | 34.90 | 282.78 | OK | |
| r-release-macos-arm64 | 1.3.2 | 149.00 | 37.00 | 186.00 | OK | |
| r-release-macos-x86_64 | 1.3.2 | 113.00 | 84.00 | 197.00 | OK | |
| r-release-windows-x86_64 | 1.3.2 | 234.00 | 89.00 | 323.00 | OK | |
| r-oldrel-macos-arm64 | 1.3.2 | 100.00 | 33.00 | 133.00 | NOTE | |
| r-oldrel-macos-x86_64 | 1.3.2 | 90.00 | 58.00 | 148.00 | NOTE | |
| r-oldrel-windows-x86_64 | 1.3.2 | 287.00 | 116.00 | 403.00 | NOTE |
Version: 1.3.2
Check: installed package size
Result: NOTE
installed size is 56.0Mb
sub-directories of 1Mb or more:
include 3.4Mb
libs 51.7Mb
Flavors: r-oldrel-macos-arm64, r-oldrel-macos-x86_64, r-oldrel-windows-x86_64
These binaries (installable software) and packages are in development.
They may not be fully stable and should be used with caution. We make no claims about them.