CRAN Package Check Results for Package rjsoncons

Last updated on 2025-07-11 09:50:16 CEST.

Flavor Version Tinstall Tcheck Ttotal Status Flags
r-devel-linux-x86_64-debian-clang 1.3.2 198.94 35.70 234.64 OK
r-devel-linux-x86_64-debian-gcc 1.3.2 187.17 29.19 216.36 OK
r-devel-linux-x86_64-fedora-clang 1.3.2 347.93 OK
r-devel-linux-x86_64-fedora-gcc 1.3.2 561.94 OK
r-devel-windows-x86_64 1.3.2 231.00 101.00 332.00 OK
r-patched-linux-x86_64 1.3.2 256.84 33.02 289.86 OK
r-release-linux-x86_64 1.3.2 247.79 33.04 280.83 OK
r-release-macos-arm64 1.3.2 186.00 OK
r-release-macos-x86_64 1.3.2 197.00 OK
r-release-windows-x86_64 1.3.2 225.00 100.00 325.00 OK
r-oldrel-macos-arm64 1.3.2 133.00 NOTE
r-oldrel-macos-x86_64 1.3.2 148.00 NOTE
r-oldrel-windows-x86_64 1.3.2 278.00 118.00 396.00 NOTE

Check Details

Version: 1.3.2
Check: installed package size
Result: NOTE installed size is 56.0Mb sub-directories of 1Mb or more: include 3.4Mb libs 51.7Mb Flavors: r-oldrel-macos-arm64, r-oldrel-macos-x86_64, r-oldrel-windows-x86_64

These binaries (installable software) and packages are in development.
They may not be fully stable and should be used with caution. We make no claims about them.