Last updated on 2024-07-27 15:50:32 CEST.
Flavor | Version | Tinstall | Tcheck | Ttotal | Status | Flags |
---|---|---|---|---|---|---|
r-devel-linux-x86_64-debian-clang | 1.3.1 | 280.40 | 41.13 | 321.53 | NOTE | |
r-devel-linux-x86_64-debian-gcc | 1.3.1 | NOTE | ||||
r-devel-linux-x86_64-fedora-clang | 1.3.1 | 386.90 | NOTE | |||
r-devel-linux-x86_64-fedora-gcc | 1.3.1 | 574.77 | NOTE | |||
r-devel-windows-x86_64 | 1.3.1 | 221.00 | 105.00 | 326.00 | NOTE | |
r-patched-linux-x86_64 | 1.3.1 | OK | ||||
r-release-linux-x86_64 | 1.3.1 | 274.17 | 39.01 | 313.18 | OK | |
r-release-macos-arm64 | 1.3.1 | 144.00 | NOTE | |||
r-release-macos-x86_64 | 1.3.1 | 162.00 | NOTE | |||
r-release-windows-x86_64 | 1.3.1 | 213.00 | 97.00 | 310.00 | NOTE | |
r-oldrel-macos-arm64 | 1.3.1 | 145.00 | NOTE | |||
r-oldrel-macos-x86_64 | 1.3.1 | 155.00 | NOTE | |||
r-oldrel-windows-x86_64 | 1.3.1 | 265.00 | 121.00 | 386.00 | NOTE |
Version: 1.3.1
Check: compiled code
Result: NOTE
File ‘rjsoncons/libs/rjsoncons.so’:
Found non-API calls to R: ‘SETLENGTH’, ‘SET_GROWABLE_BIT’,
‘SET_TRUELENGTH’
Compiled code should not call non-API entry points in R.
See ‘Writing portable packages’ in the ‘Writing R Extensions’ manual,
and section ‘Moving into C API compliance’ for issues with the use of
non-API entry points.
Flavors: r-devel-linux-x86_64-debian-clang, r-devel-linux-x86_64-debian-gcc, r-devel-linux-x86_64-fedora-clang, r-devel-linux-x86_64-fedora-gcc
Version: 1.3.1
Check: installed package size
Result: NOTE
installed size is 9.6Mb
sub-directories of 1Mb or more:
include 3.4Mb
libs 5.2Mb
Flavors: r-devel-linux-x86_64-fedora-clang, r-devel-windows-x86_64, r-release-macos-arm64, r-release-macos-x86_64, r-release-windows-x86_64, r-oldrel-macos-arm64, r-oldrel-macos-x86_64, r-oldrel-windows-x86_64
Version: 1.3.1
Check: compiled code
Result: NOTE
File 'rjsoncons/libs/x64/rjsoncons.dll':
Found non-API calls to R: 'SETLENGTH', 'SET_GROWABLE_BIT',
'SET_TRUELENGTH'
Compiled code should not call non-API entry points in R.
See 'Writing portable packages' in the 'Writing R Extensions' manual,
and section 'Moving into C API compliance' for issues with the use of
non-API entry points.
Flavor: r-devel-windows-x86_64
These binaries (installable software) and packages are in development.
They may not be fully stable and should be used with caution. We make no claims about them.