Last updated on 2025-07-25 01:49:38 CEST.
Flavor | Version | Tinstall | Tcheck | Ttotal | Status | Flags |
---|---|---|---|---|---|---|
r-devel-linux-x86_64-debian-clang | 0.4.3 | 2.17 | 29.06 | 31.23 | NOTE | |
r-devel-linux-x86_64-debian-gcc | 0.4.3 | 1.75 | 23.32 | 25.07 | NOTE | |
r-devel-linux-x86_64-fedora-clang | 0.4.3 | 46.35 | OK | |||
r-devel-linux-x86_64-fedora-gcc | 0.4.3 | 43.33 | OK | |||
r-devel-windows-x86_64 | 0.4.3 | 3.00 | 56.00 | 59.00 | OK | |
r-patched-linux-x86_64 | 0.4.3 | 1.97 | 25.95 | 27.92 | OK | |
r-release-linux-x86_64 | 0.4.3 | 2.13 | 25.37 | 27.50 | OK | |
r-release-macos-arm64 | 0.4.3 | 20.00 | OK | |||
r-release-macos-x86_64 | 0.4.3 | 31.00 | OK | |||
r-release-windows-x86_64 | 0.4.3 | 5.00 | 49.00 | 54.00 | OK | |
r-oldrel-macos-arm64 | 0.4.3 | 18.00 | OK | |||
r-oldrel-macos-x86_64 | 0.4.3 | 26.00 | OK | |||
r-oldrel-windows-x86_64 | 0.4.3 | 4.00 | 54.00 | 58.00 | OK |
Version: 0.4.3
Check: CRAN incoming feasibility
Result: NOTE
Maintainer: ‘Aaron Schumacher <ajschumacher@gmail.com>’
No Authors@R field in DESCRIPTION.
Please add one, modifying
Authors@R: c(person(given = "Aaron",
family = "Schumacher",
role = c("aut", "cre"),
email = "ajschumacher@gmail.com"),
person(given = "Håkon",
family = "Malmedal",
role = "aut"),
person(given = "Måns",
family = "Magnusson",
role = "aut"))
as necessary.
Flavors: r-devel-linux-x86_64-debian-clang, r-devel-linux-x86_64-debian-gcc
These binaries (installable software) and packages are in development.
They may not be fully stable and should be used with caution. We make no claims about them.