Last updated on 2025-10-24 03:50:42 CEST.
| Flavor | Version | Tinstall | Tcheck | Ttotal | Status | Flags |
|---|---|---|---|---|---|---|
| r-devel-linux-x86_64-debian-clang | 1.0.18.1 | 5.88 | 59.79 | 65.67 | NOTE | |
| r-devel-linux-x86_64-debian-gcc | 1.0.18.1 | 3.77 | 44.60 | 48.37 | OK | |
| r-devel-linux-x86_64-fedora-clang | 1.0.18.1 | 12.00 | 85.17 | 97.17 | OK | |
| r-devel-linux-x86_64-fedora-gcc | 1.0.18.1 | 24.00 | 92.78 | 116.78 | OK | |
| r-devel-windows-x86_64 | 1.0.18.1 | 8.00 | 72.00 | 80.00 | OK | |
| r-patched-linux-x86_64 | 1.0.18.1 | 5.82 | 55.66 | 61.48 | OK | |
| r-release-linux-x86_64 | 1.0.18.1 | 5.62 | 54.46 | 60.08 | OK | |
| r-release-macos-arm64 | 1.0.18.1 | 3.00 | 42.00 | 45.00 | OK | |
| r-release-macos-x86_64 | 1.0.18.1 | 5.00 | 70.00 | 75.00 | OK | |
| r-release-windows-x86_64 | 1.0.18.1 | 9.00 | 72.00 | 81.00 | OK | |
| r-oldrel-macos-arm64 | 1.0.18.1 | 2.00 | 47.00 | 49.00 | OK | |
| r-oldrel-macos-x86_64 | 1.0.18.1 | 4.00 | 77.00 | 81.00 | OK | |
| r-oldrel-windows-x86_64 | 1.0.18.1 | 11.00 | 89.00 | 100.00 | OK |
Version: 1.0.18.1
Check: HTML version of manual
Result: NOTE
Found the following HTML validation problems:
rjournal_website.html:50:1 (rjournal_website.Rd:12): Warning: missing </ul> before </div>
Flavor: r-devel-linux-x86_64-debian-clang
These binaries (installable software) and packages are in development.
They may not be fully stable and should be used with caution. We make no claims about them.