CRAN Package Check Results for Package rkriging

Last updated on 2025-10-03 17:48:45 CEST.

Flavor Version Tinstall Tcheck Ttotal Status Flags
r-devel-linux-x86_64-debian-clang 1.0.2 105.83 90.21 196.04 OK
r-devel-linux-x86_64-debian-gcc 1.0.2 92.85 62.86 155.71 OK
r-devel-linux-x86_64-fedora-clang 1.0.2 310.64 OK
r-devel-linux-x86_64-fedora-gcc 1.0.2 366.58 OK
r-devel-windows-x86_64 1.0.2 117.00 130.00 247.00 OK
r-patched-linux-x86_64 1.0.2 127.39 90.31 217.70 OK
r-release-linux-x86_64 1.0.2 123.84 91.58 215.42 OK
r-release-macos-arm64 1.0.2 76.00 OK
r-release-macos-x86_64 1.0.2 173.00 OK
r-release-windows-x86_64 1.0.2 115.00 124.00 239.00 OK
r-oldrel-macos-arm64 1.0.2 84.00 NOTE
r-oldrel-macos-x86_64 1.0.2 129.00 NOTE
r-oldrel-windows-x86_64 1.0.2 140.00 156.00 296.00 OK

Check Details

Version: 1.0.2
Check: installed package size
Result: NOTE installed size is 44.8Mb sub-directories of 1Mb or more: libs 44.2Mb Flavors: r-oldrel-macos-arm64, r-oldrel-macos-x86_64

These binaries (installable software) and packages are in development.
They may not be fully stable and should be used with caution. We make no claims about them.