Last updated on 2025-11-16 07:49:47 CET.
| Flavor | Version | Tinstall | Tcheck | Ttotal | Status | Flags |
|---|---|---|---|---|---|---|
| r-devel-linux-x86_64-debian-clang | 0.1 | 10.76 | 22.81 | 33.57 | OK | |
| r-devel-linux-x86_64-debian-gcc | 0.1 | 7.53 | 18.71 | 26.24 | OK | |
| r-devel-linux-x86_64-fedora-clang | 0.1 | 18.00 | 37.80 | 55.80 | NOTE | |
| r-devel-linux-x86_64-fedora-gcc | 0.1 | 29.00 | 22.55 | 51.55 | NOTE | |
| r-devel-windows-x86_64 | 0.1 | 17.00 | 58.00 | 75.00 | OK | |
| r-patched-linux-x86_64 | 0.1 | 10.71 | 21.87 | 32.58 | OK | |
| r-release-linux-x86_64 | 0.1 | 10.19 | 21.70 | 31.89 | OK | |
| r-release-macos-arm64 | 0.1 | 6.00 | 15.00 | 21.00 | OK | |
| r-release-macos-x86_64 | 0.1 | 11.00 | 27.00 | 38.00 | OK | |
| r-release-windows-x86_64 | 0.1 | 14.00 | 61.00 | 75.00 | OK | |
| r-oldrel-macos-arm64 | 0.1 | 6.00 | 14.00 | 20.00 | NOTE | |
| r-oldrel-macos-x86_64 | 0.1 | 8.00 | 24.00 | 32.00 | NOTE | |
| r-oldrel-windows-x86_64 | 0.1 | 13.00 | 68.00 | 81.00 | NOTE |
Version: 0.1
Check: compiled code
Result: NOTE
File ‘rkvo/libs/rkvo.so’:
Found no calls to: ‘R_registerRoutines’, ‘R_useDynamicSymbols’
It is good practice to register native routines and to disable symbol
search.
See ‘Writing portable packages’ in the ‘Writing R Extensions’ manual.
Flavors: r-devel-linux-x86_64-fedora-clang, r-devel-linux-x86_64-fedora-gcc
Version: 0.1
Check: LazyData
Result: NOTE
'LazyData' is specified without a 'data' directory
Flavors: r-oldrel-macos-arm64, r-oldrel-macos-x86_64, r-oldrel-windows-x86_64
These binaries (installable software) and packages are in development.
They may not be fully stable and should be used with caution. We make no claims about them.