Last updated on 2025-07-11 09:50:16 CEST.
Flavor | Version | Tinstall | Tcheck | Ttotal | Status | Flags |
---|---|---|---|---|---|---|
r-devel-linux-x86_64-debian-clang | 1.8.2 | 89.65 | 32.35 | 122.00 | OK | |
r-devel-linux-x86_64-debian-gcc | 1.8.2 | 76.78 | 25.48 | 102.26 | OK | |
r-devel-linux-x86_64-fedora-clang | 1.8.2 | 237.25 | OK | |||
r-devel-linux-x86_64-fedora-gcc | 1.8.2 | 250.31 | OK | |||
r-devel-windows-x86_64 | 1.8.2 | 156.00 | 88.00 | 244.00 | OK | |
r-patched-linux-x86_64 | 1.8.2 | 109.48 | 29.29 | 138.77 | OK | |
r-release-linux-x86_64 | 1.8.2 | 105.46 | 29.15 | 134.61 | OK | |
r-release-macos-arm64 | 1.8.2 | 72.00 | OK | |||
r-release-macos-x86_64 | 1.8.2 | 92.00 | OK | |||
r-release-windows-x86_64 | 1.8.2 | 152.00 | 94.00 | 246.00 | OK | |
r-oldrel-macos-arm64 | 1.8.2 | 71.00 | NOTE | |||
r-oldrel-macos-x86_64 | 1.8.2 | 52.00 | NOTE | |||
r-oldrel-windows-x86_64 | 1.8.2 | 195.00 | 101.00 | 296.00 | OK |
Version: 1.8.2
Check: installed package size
Result: NOTE
installed size is 9.3Mb
sub-directories of 1Mb or more:
libs 8.8Mb
Flavors: r-oldrel-macos-arm64, r-oldrel-macos-x86_64
These binaries (installable software) and packages are in development.
They may not be fully stable and should be used with caution. We make no claims about them.