Last updated on 2025-02-16 08:50:59 CET.
Flavor | Version | Tinstall | Tcheck | Ttotal | Status | Flags |
---|---|---|---|---|---|---|
r-devel-linux-x86_64-debian-clang | 1.8.0 | 87.29 | 29.36 | 116.65 | OK | |
r-devel-linux-x86_64-debian-gcc | 1.8.0 | 78.08 | 23.59 | 101.67 | OK | |
r-devel-linux-x86_64-fedora-clang | 1.8.0 | 241.39 | OK | |||
r-devel-linux-x86_64-fedora-gcc | 1.8.0 | 276.44 | OK | |||
r-devel-macos-arm64 | 1.8.0 | 55.00 | OK | |||
r-devel-macos-x86_64 | 1.8.0 | 59.00 | OK | |||
r-devel-windows-x86_64 | 1.8.0 | 148.00 | 90.00 | 238.00 | OK | |
r-patched-linux-x86_64 | 1.8.0 | 107.81 | 27.69 | 135.50 | OK | |
r-release-linux-x86_64 | 1.8.0 | 107.04 | 28.25 | 135.29 | OK | |
r-release-macos-arm64 | 1.8.0 | 65.00 | NOTE | |||
r-release-macos-x86_64 | 1.8.0 | 91.00 | NOTE | |||
r-release-windows-x86_64 | 1.8.0 | 150.00 | 91.00 | 241.00 | OK | |
r-oldrel-macos-arm64 | 1.8.0 | 74.00 | NOTE | |||
r-oldrel-macos-x86_64 | 1.8.0 | 77.00 | NOTE | |||
r-oldrel-windows-x86_64 | 1.8.0 | 159.00 | 101.00 | 260.00 | OK |
Version: 1.8.0
Check: installed package size
Result: NOTE
installed size is 9.1Mb
sub-directories of 1Mb or more:
libs 8.6Mb
Flavors: r-release-macos-arm64, r-release-macos-x86_64, r-oldrel-macos-arm64, r-oldrel-macos-x86_64
These binaries (installable software) and packages are in development.
They may not be fully stable and should be used with caution. We make no claims about them.