Last updated on 2025-02-16 08:50:59 CET.
Flavor | Version | Tinstall | Tcheck | Ttotal | Status | Flags |
---|---|---|---|---|---|---|
r-devel-linux-x86_64-debian-clang | 0.2.1 | 70.28 | 36.15 | 106.43 | OK | |
r-devel-linux-x86_64-debian-gcc | 0.2.1 | 69.02 | 26.87 | 95.89 | OK | |
r-devel-linux-x86_64-fedora-clang | 0.2.1 | 173.23 | OK | |||
r-devel-linux-x86_64-fedora-gcc | 0.2.1 | 242.49 | OK | |||
r-devel-macos-arm64 | 0.2.1 | 51.00 | OK | |||
r-devel-macos-x86_64 | 0.2.1 | 165.00 | OK | |||
r-devel-windows-x86_64 | 0.2.1 | 74.00 | 99.00 | 173.00 | OK | |
r-patched-linux-x86_64 | 0.2.1 | 89.51 | 34.37 | 123.88 | OK | |
r-release-linux-x86_64 | 0.2.1 | 90.12 | 34.22 | 124.34 | OK | |
r-release-macos-arm64 | 0.2.1 | 49.00 | NOTE | |||
r-release-macos-x86_64 | 0.2.1 | 96.00 | NOTE | |||
r-release-windows-x86_64 | 0.2.1 | 77.00 | 95.00 | 172.00 | NOTE | |
r-oldrel-macos-arm64 | 0.2.1 | 63.00 | NOTE | |||
r-oldrel-macos-x86_64 | 0.2.1 | 98.00 | NOTE | |||
r-oldrel-windows-x86_64 | 0.2.1 | 84.00 | 101.00 | 185.00 | NOTE |
Version: 0.2.1
Check: installed package size
Result: NOTE
installed size is 19.2Mb
sub-directories of 1Mb or more:
lemon 2.8Mb
libs 16.1Mb
Flavors: r-release-macos-arm64, r-release-macos-x86_64, r-release-windows-x86_64, r-oldrel-macos-arm64, r-oldrel-macos-x86_64, r-oldrel-windows-x86_64
These binaries (installable software) and packages are in development.
They may not be fully stable and should be used with caution. We make no claims about them.