Last updated on 2025-05-01 08:52:44 CEST.
Flavor | Version | Tinstall | Tcheck | Ttotal | Status | Flags |
---|---|---|---|---|---|---|
r-devel-linux-x86_64-debian-clang | 0.2.1 | 66.89 | 36.80 | 103.69 | OK | |
r-devel-linux-x86_64-debian-gcc | 0.2.1 | 67.36 | 28.41 | 95.77 | OK | |
r-devel-linux-x86_64-fedora-clang | 0.2.1 | 165.07 | OK | |||
r-devel-linux-x86_64-fedora-gcc | 0.2.1 | 233.85 | OK | |||
r-devel-windows-x86_64 | 0.2.1 | 84.00 | 88.00 | 172.00 | OK | |
r-patched-linux-x86_64 | 0.2.1 | 92.33 | 35.51 | 127.84 | OK | |
r-release-linux-x86_64 | OK | |||||
r-release-macos-arm64 | 0.2.1 | 48.00 | OK | |||
r-release-macos-x86_64 | 0.2.1 | 148.00 | OK | |||
r-release-windows-x86_64 | 0.2.1 | 82.00 | 96.00 | 178.00 | OK | |
r-oldrel-macos-arm64 | 0.2.1 | 49.00 | NOTE | |||
r-oldrel-macos-x86_64 | 0.2.1 | 96.00 | NOTE | |||
r-oldrel-windows-x86_64 | 0.2.1 | 82.00 | 102.00 | 184.00 | NOTE |
Version: 0.2.1
Check: installed package size
Result: NOTE
installed size is 19.2Mb
sub-directories of 1Mb or more:
lemon 2.8Mb
libs 16.1Mb
Flavors: r-oldrel-macos-arm64, r-oldrel-macos-x86_64, r-oldrel-windows-x86_64
These binaries (installable software) and packages are in development.
They may not be fully stable and should be used with caution. We make no claims about them.