Last updated on 2024-07-27 15:50:32 CEST.
Flavor | Version | Tinstall | Tcheck | Ttotal | Status | Flags |
---|---|---|---|---|---|---|
r-devel-linux-x86_64-debian-clang | 0.8-0.1 | 339.47 | 408.91 | 748.38 | NOTE | |
r-devel-linux-x86_64-debian-gcc | 0.8-0.1 | NOTE | ||||
r-devel-linux-x86_64-fedora-clang | 0.8-0.1 | 1088.75 | NOTE | |||
r-devel-linux-x86_64-fedora-gcc | 0.8-0.1 | 1095.90 | NOTE | |||
r-devel-windows-x86_64 | 0.8-0.1 | 352.00 | 352.00 | 704.00 | NOTE | |
r-patched-linux-x86_64 | 0.8-0.1 | NOTE | ||||
r-release-linux-x86_64 | 0.8-0.1 | 299.92 | 373.42 | 673.34 | NOTE | |
r-release-macos-arm64 | 0.8-0.1 | 96.00 | ERROR | |||
r-release-macos-x86_64 | 0.8-0.1 | 195.00 | ERROR | |||
r-release-windows-x86_64 | 0.8-0.1 | 357.00 | 365.00 | 722.00 | NOTE | |
r-oldrel-macos-arm64 | 0.8-0.1 | 108.00 | ERROR | |||
r-oldrel-macos-x86_64 | 0.8-0.1 | 140.00 | ERROR | |||
r-oldrel-windows-x86_64 | 0.8-0.1 | 403.00 | 447.00 | 850.00 | NOTE |
Version: 0.8-0.1
Check: for GNU extensions in Makefiles
Result: NOTE
GNU make is a SystemRequirements.
Flavors: r-devel-linux-x86_64-debian-clang, r-devel-linux-x86_64-debian-gcc, r-devel-linux-x86_64-fedora-clang, r-devel-linux-x86_64-fedora-gcc, r-devel-windows-x86_64, r-patched-linux-x86_64, r-release-linux-x86_64, r-release-windows-x86_64, r-oldrel-windows-x86_64
Version: 0.8-0.1
Check: installed package size
Result: NOTE
installed size is 28.1Mb
sub-directories of 1Mb or more:
hdf5 11.8Mb
include 6.4Mb
lib 3.8Mb
libs 5.5Mb
Flavors: r-devel-linux-x86_64-fedora-clang, r-devel-windows-x86_64, r-release-windows-x86_64, r-oldrel-windows-x86_64
Version: 0.8-0.1
Check: whether package can be installed
Result: ERROR
Installation failed.
Flavors: r-release-macos-arm64, r-release-macos-x86_64, r-oldrel-macos-arm64, r-oldrel-macos-x86_64
These binaries (installable software) and packages are in development.
They may not be fully stable and should be used with caution. We make no claims about them.