Last updated on 2025-05-01 12:49:39 CEST.
Flavor | Version | Tinstall | Tcheck | Ttotal | Status | Flags |
---|---|---|---|---|---|---|
r-devel-linux-x86_64-debian-clang | 0.4.6.2 | 3.61 | 38.62 | 42.23 | NOTE | |
r-devel-linux-x86_64-debian-gcc | 0.4.6.2 | 2.73 | 28.11 | 30.84 | NOTE | |
r-devel-linux-x86_64-fedora-clang | 0.4.6.2 | 61.17 | OK | |||
r-devel-linux-x86_64-fedora-gcc | 0.4.6.2 | 58.17 | OK | |||
r-devel-windows-x86_64 | 0.4.6.2 | 7.00 | 71.00 | 78.00 | OK | |
r-patched-linux-x86_64 | 0.4.6.2 | 4.35 | 34.77 | 39.12 | OK | |
r-release-linux-x86_64 | OK | |||||
r-release-macos-arm64 | 0.4.6.2 | 24.00 | OK | |||
r-release-macos-x86_64 | 0.4.6.2 | 41.00 | OK | |||
r-release-windows-x86_64 | 0.4.6.2 | 7.00 | 76.00 | 83.00 | OK | |
r-oldrel-macos-arm64 | 0.4.6.2 | 28.00 | OK | |||
r-oldrel-macos-x86_64 | 0.4.6.2 | 35.00 | OK | |||
r-oldrel-windows-x86_64 | 0.4.6.2 | 7.00 | 70.00 | 77.00 | OK |
Version: 0.4.6.2
Check: CRAN incoming feasibility
Result: NOTE
Maintainer: ‘Kun Ren <ken@renkun.me>’
No Authors@R field in DESCRIPTION.
Please add one, modifying
Authors@R: person(given = "Kun",
family = "Ren",
role = c("aut", "cre"),
email = "ken@renkun.me")
as necessary.
Flavors: r-devel-linux-x86_64-debian-clang, r-devel-linux-x86_64-debian-gcc
These binaries (installable software) and packages are in development.
They may not be fully stable and should be used with caution. We make no claims about them.