Last updated on 2025-11-13 21:50:07 CET.
| Flavor | Version | Tinstall | Tcheck | Ttotal | Status | Flags |
|---|---|---|---|---|---|---|
| r-devel-linux-x86_64-debian-clang | 0.4.6.2 | 3.66 | 40.30 | 43.96 | NOTE | |
| r-devel-linux-x86_64-debian-gcc | 0.4.6.2 | 2.65 | 30.35 | 33.00 | NOTE | |
| r-devel-linux-x86_64-fedora-clang | 0.4.6.2 | 22.00 | 43.38 | 65.38 | OK | |
| r-devel-linux-x86_64-fedora-gcc | 0.4.6.2 | 59.18 | OK | |||
| r-devel-windows-x86_64 | 0.4.6.2 | 8.00 | 65.00 | 73.00 | OK | |
| r-patched-linux-x86_64 | 0.4.6.2 | 4.27 | 36.86 | 41.13 | OK | |
| r-release-linux-x86_64 | 0.4.6.2 | 3.64 | 36.81 | 40.45 | OK | |
| r-release-macos-arm64 | 0.4.6.2 | 2.00 | 22.00 | 24.00 | OK | |
| r-release-macos-x86_64 | 0.4.6.2 | 3.00 | 38.00 | 41.00 | OK | |
| r-release-windows-x86_64 | 0.4.6.2 | 7.00 | 66.00 | 73.00 | OK | |
| r-oldrel-macos-arm64 | 0.4.6.2 | 2.00 | 26.00 | 28.00 | OK | |
| r-oldrel-macos-x86_64 | 0.4.6.2 | 4.00 | 31.00 | 35.00 | OK | |
| r-oldrel-windows-x86_64 | 0.4.6.2 | 8.00 | 75.00 | 83.00 | OK |
Version: 0.4.6.2
Check: CRAN incoming feasibility
Result: NOTE
Maintainer: ‘Kun Ren <ken@renkun.me>’
No Authors@R field in DESCRIPTION.
Please add one, modifying
Authors@R: person(given = "Kun",
family = "Ren",
role = c("aut", "cre"),
email = "ken@renkun.me")
as necessary.
Flavors: r-devel-linux-x86_64-debian-clang, r-devel-linux-x86_64-debian-gcc
These binaries (installable software) and packages are in development.
They may not be fully stable and should be used with caution. We make no claims about them.