Last updated on 2025-02-16 08:50:59 CET.
Flavor | Version | Tinstall | Tcheck | Ttotal | Status | Flags |
---|---|---|---|---|---|---|
r-devel-linux-x86_64-debian-clang | 0.4.4 | 2.19 | 27.06 | 29.25 | ERROR | |
r-devel-linux-x86_64-debian-gcc | 0.4.4 | 1.38 | 20.07 | 21.45 | ERROR | |
r-devel-linux-x86_64-fedora-clang | 0.4.4 | 46.24 | ERROR | |||
r-devel-linux-x86_64-fedora-gcc | 0.4.4 | 45.94 | ERROR | |||
r-devel-macos-arm64 | 0.4.4 | 26.00 | OK | |||
r-devel-macos-x86_64 | 0.4.4 | 61.00 | ERROR | |||
r-devel-windows-x86_64 | 0.4.4 | 3.00 | 49.00 | 52.00 | ERROR | |
r-patched-linux-x86_64 | 0.4.4 | 2.26 | 25.09 | 27.35 | ERROR | |
r-release-linux-x86_64 | 0.4.4 | 2.06 | 25.21 | 27.27 | ERROR | |
r-release-macos-arm64 | 0.4.4 | 40.00 | ERROR | |||
r-release-macos-x86_64 | 0.4.4 | 43.00 | ERROR | |||
r-release-windows-x86_64 | 0.4.4 | 4.00 | 53.00 | 57.00 | ERROR | |
r-oldrel-macos-arm64 | 0.4.4 | 40.00 | OK | |||
r-oldrel-macos-x86_64 | 0.4.4 | 37.00 | OK | |||
r-oldrel-windows-x86_64 | 0.4.4 | 4.00 | 82.00 | 86.00 | ERROR |
Version: 0.4.4
Check: examples
Result: ERROR
Running examples in ‘rllama-Ex.R’ failed
The error most likely occurred in:
> base::assign(".ptime", proc.time(), pos = "CheckExEnv")
> ### Name: get_defillama_stablecoin_data
> ### Title: Stablecoins Data
> ### Aliases: get_defillama_stablecoin_data
>
> ### ** Examples
>
> stablecoin_data = get_defillama_stablecoin_data()
Error in circulating * price : non-numeric argument to binary operator
Calls: get_defillama_stablecoin_data -> [ -> [.data.table -> eval -> eval
Execution halted
Flavors: r-devel-linux-x86_64-debian-clang, r-devel-linux-x86_64-debian-gcc, r-patched-linux-x86_64, r-release-linux-x86_64
Version: 0.4.4
Check: examples
Result: ERROR
Running examples in ‘rllama-Ex.R’ failed
The error most likely occurred in:
> ### Name: get_defillama_stablecoin_data
> ### Title: Stablecoins Data
> ### Aliases: get_defillama_stablecoin_data
>
> ### ** Examples
>
> stablecoin_data = get_defillama_stablecoin_data()
Error in circulating * price : non-numeric argument to binary operator
Calls: get_defillama_stablecoin_data -> [ -> [.data.table -> eval -> eval
Execution halted
Flavors: r-devel-linux-x86_64-fedora-clang, r-devel-linux-x86_64-fedora-gcc, r-devel-macos-x86_64, r-devel-windows-x86_64, r-release-macos-arm64, r-release-macos-x86_64, r-release-windows-x86_64
Version: 0.4.4
Check: examples
Result: ERROR
Running examples in 'rllama-Ex.R' failed
The error most likely occurred in:
> ### Name: get_defillama_chain_hist_tvl
> ### Title: Chain History Data
> ### Aliases: get_defillama_chain_hist_tvl
>
> ### ** Examples
>
> # total tvl by date
> chain_tvl = get_defillama_chain_hist_tvl( "Ethereum" )
Error in curl::curl_fetch_memory(url, handle = handle) :
Timeout was reached [api.llama.fi]: SSL/TLS connection timeout
Calls: get_defillama_chain_hist_tvl ... request_fetch.write_memory -> <Anonymous> -> raise_libcurl_error
Execution halted
Flavor: r-oldrel-windows-x86_64
These binaries (installable software) and packages are in development.
They may not be fully stable and should be used with caution. We make no claims about them.