Last updated on 2025-10-25 05:50:15 CEST.
| Flavor | Version | Tinstall | Tcheck | Ttotal | Status | Flags |
|---|---|---|---|---|---|---|
| r-devel-linux-x86_64-debian-clang | 0.4.0 | 2.86 | 30.22 | 33.08 | NOTE | |
| r-devel-linux-x86_64-debian-gcc | 0.4.0 | 2.33 | 24.84 | 27.17 | NOTE | |
| r-devel-linux-x86_64-fedora-clang | 0.4.0 | 48.72 | OK | |||
| r-devel-linux-x86_64-fedora-gcc | 0.4.0 | 12.00 | 38.16 | 50.16 | OK | |
| r-devel-windows-x86_64 | 0.4.0 | 4.00 | 48.00 | 52.00 | OK | |
| r-patched-linux-x86_64 | 0.4.0 | 3.15 | 28.95 | 32.10 | OK | |
| r-release-linux-x86_64 | 0.4.0 | 2.60 | 28.95 | 31.55 | OK | |
| r-release-macos-arm64 | 0.4.0 | 2.00 | 17.00 | 19.00 | OK | |
| r-release-macos-x86_64 | 0.4.0 | 3.00 | 31.00 | 34.00 | OK | |
| r-release-windows-x86_64 | 0.4.0 | 5.00 | 50.00 | 55.00 | OK | |
| r-oldrel-macos-arm64 | 0.4.0 | 1.00 | 16.00 | 17.00 | OK | |
| r-oldrel-macos-x86_64 | 0.4.0 | 2.00 | 24.00 | 26.00 | OK | |
| r-oldrel-windows-x86_64 | 0.4.0 | 5.00 | 54.00 | 59.00 | OK |
Version: 0.4.0
Check: CRAN incoming feasibility
Result: NOTE
Maintainer: ‘You-Gan Wang <you-gan.wang@qut.edu.au>’
No Authors@R field in DESCRIPTION.
Please add one, modifying
Authors@R: c(person(given = "You-Gan",
family = "Wang",
role = c("aut", "cre"),
email = "you-gan.wang@qut.edu.au"),
person(given = "Benoit",
family = "Liquet",
role = "aut"),
person(given = "Aurelien",
family = "Callens",
role = "aut"),
person(given = "Na",
family = "Wang.",
role = "aut"))
as necessary.
Flavors: r-devel-linux-x86_64-debian-clang, r-devel-linux-x86_64-debian-gcc
These binaries (installable software) and packages are in development.
They may not be fully stable and should be used with caution. We make no claims about them.