CRAN Package Check Results for Package rlme

Last updated on 2025-10-25 09:49:42 CEST.

Flavor Version Tinstall Tcheck Ttotal Status Flags
r-devel-linux-x86_64-debian-clang 0.5 34.50 96.80 131.30 NOTE
r-devel-linux-x86_64-debian-gcc 0.5 23.41 73.92 97.33 NOTE
r-devel-linux-x86_64-fedora-clang 0.5 62.00 149.38 211.38 OK
r-devel-linux-x86_64-fedora-gcc 0.5 169.00 48.62 217.62 OK
r-devel-windows-x86_64 0.5 39.00 115.00 154.00 OK
r-patched-linux-x86_64 0.5 32.72 91.90 124.62 OK
r-release-linux-x86_64 0.5 33.59 93.11 126.70 OK
r-release-macos-arm64 0.5 13.00 43.00 56.00 OK
r-release-macos-x86_64 0.5 20.00 89.00 109.00 OK
r-release-windows-x86_64 0.5 40.00 117.00 157.00 OK
r-oldrel-macos-arm64 0.5 13.00 37.00 50.00 OK
r-oldrel-macos-x86_64 0.5 15.00 68.00 83.00 OK
r-oldrel-windows-x86_64 0.5 50.00 156.00 206.00 OK

Check Details

Version: 0.5
Check: CRAN incoming feasibility
Result: NOTE Maintainer: ‘Yusuf Bilgic <bilgic@geneseo.edu>’ No Authors@R field in DESCRIPTION. Please add one, modifying Authors@R: c(person(given = "Yusuf", family = "Bilgic", role = c("aut", "cre"), email = "bilgic@geneseo.edu"), person(given = "Herb", family = "Susmann", role = "aut"), person(given = "Joseph", family = "McKean", role = "aut")) as necessary. Flavors: r-devel-linux-x86_64-debian-clang, r-devel-linux-x86_64-debian-gcc

These binaries (installable software) and packages are in development.
They may not be fully stable and should be used with caution. We make no claims about them.