CRAN Package Check Results for Package rlme

Last updated on 2025-05-08 04:52:16 CEST.

Flavor Version Tinstall Tcheck Ttotal Status Flags
r-devel-linux-x86_64-debian-clang 0.5 35.32 93.90 129.22 NOTE
r-devel-linux-x86_64-debian-gcc 0.5 23.95 70.84 94.79 NOTE
r-devel-linux-x86_64-fedora-clang 0.5 213.08 OK
r-devel-linux-x86_64-fedora-gcc 0.5 210.44 OK
r-devel-windows-x86_64 0.5 40.00 115.00 155.00 OK
r-patched-linux-x86_64 0.5 34.71 91.46 126.17 OK
r-release-linux-x86_64 0.5 35.28 91.07 126.35 OK
r-release-macos-arm64 0.5 56.00 OK
r-release-macos-x86_64 0.5 109.00 OK
r-release-windows-x86_64 0.5 39.00 114.00 153.00 OK
r-oldrel-macos-arm64 0.5 50.00 OK
r-oldrel-macos-x86_64 0.5 83.00 OK
r-oldrel-windows-x86_64 0.5 48.00 148.00 196.00 OK

Check Details

Version: 0.5
Check: CRAN incoming feasibility
Result: NOTE Maintainer: ‘Yusuf Bilgic <bilgic@geneseo.edu>’ No Authors@R field in DESCRIPTION. Please add one, modifying Authors@R: c(person(given = "Yusuf", family = "Bilgic", role = c("aut", "cre"), email = "bilgic@geneseo.edu"), person(given = "Herb", family = "Susmann", role = "aut"), person(given = "Joseph", family = "McKean", role = "aut")) as necessary. Flavors: r-devel-linux-x86_64-debian-clang, r-devel-linux-x86_64-debian-gcc

These binaries (installable software) and packages are in development.
They may not be fully stable and should be used with caution. We make no claims about them.