CRAN Package Check Results for Package rlog

Last updated on 2025-07-22 19:51:59 CEST.

Flavor Version Tinstall Tcheck Ttotal Status Flags
r-devel-linux-x86_64-debian-clang 0.1.0 1.52 20.06 21.58 OK
r-devel-linux-x86_64-debian-gcc 0.1.0 1.32 17.01 18.33 OK
r-devel-linux-x86_64-fedora-clang 0.1.0 31.21 OK
r-devel-linux-x86_64-fedora-gcc 0.1.0 29.65 OK
r-devel-windows-x86_64 0.1.0 3.00 38.00 41.00 OK
r-patched-linux-x86_64 0.1.0 1.73 17.60 19.33 OK
r-release-linux-x86_64 0.1.0 1.65 17.78 19.43 OK
r-release-macos-arm64 0.1.0 16.00 OK
r-release-macos-x86_64 0.1.0 31.00 OK
r-release-windows-x86_64 0.1.0 4.00 42.00 46.00 OK
r-oldrel-macos-arm64 0.1.0 13.00 NOTE
r-oldrel-macos-x86_64 0.1.0 25.00 NOTE
r-oldrel-windows-x86_64 0.1.0 3.00 45.00 48.00 NOTE

Check Details

Version: 0.1.0
Check: LazyData
Result: NOTE 'LazyData' is specified without a 'data' directory Flavors: r-oldrel-macos-arm64, r-oldrel-macos-x86_64, r-oldrel-windows-x86_64

These binaries (installable software) and packages are in development.
They may not be fully stable and should be used with caution. We make no claims about them.