Last updated on 2024-07-27 15:50:32 CEST.
Flavor | Version | Tinstall | Tcheck | Ttotal | Status | Flags |
---|---|---|---|---|---|---|
r-devel-linux-x86_64-debian-clang | 1.7.4 | 18.23 | 55.60 | 73.83 | OK | |
r-devel-linux-x86_64-debian-gcc | 1.7.4 | NOTE | ||||
r-devel-linux-x86_64-fedora-clang | 1.7.4 | 91.67 | OK | |||
r-devel-linux-x86_64-fedora-gcc | 1.7.4 | 98.05 | OK | |||
r-devel-windows-x86_64 | 1.7.4 | 18.00 | 67.00 | 85.00 | NOTE | |
r-patched-linux-x86_64 | 1.7.4 | OK | ||||
r-release-linux-x86_64 | 1.7.4 | 15.23 | 52.34 | 67.57 | OK | |
r-release-macos-arm64 | 1.7.4 | 36.00 | OK | |||
r-release-macos-x86_64 | 1.7.4 | 52.00 | OK | |||
r-release-windows-x86_64 | 1.7.4 | 17.00 | 65.00 | 82.00 | OK | |
r-oldrel-macos-arm64 | 1.7.4 | 38.00 | OK | |||
r-oldrel-macos-x86_64 | 1.7.4 | 58.00 | OK | |||
r-oldrel-windows-x86_64 | 1.7.4 | 22.00 | 72.00 | 94.00 | OK |
Version: 1.7.4
Check: Rd cross-references
Result: NOTE
Found the following Rd file(s) with Rd \link{} targets missing package
anchors:
LRParser.Rd: R6Class
LexToken.Rd: R6Class
Lexer.Rd: R6Class
NullLogger.Rd: R6Class
RlyLogger.Rd: R6Class
YaccProduction.Rd: R6Class
Please provide package anchors for all Rd \link{} targets not in the
package itself and the base packages.
Flavors: r-devel-linux-x86_64-debian-gcc, r-devel-windows-x86_64
These binaries (installable software) and packages are in development.
They may not be fully stable and should be used with caution. We make no claims about them.