Last updated on 2024-07-27 15:50:32 CEST.
Flavor | Version | Tinstall | Tcheck | Ttotal | Status | Flags |
---|---|---|---|---|---|---|
r-devel-linux-x86_64-debian-clang | 0.1.16 | 1469.34 | 239.37 | 1708.71 | NOTE | |
r-devel-linux-x86_64-debian-gcc | 0.1.16 | NOTE | ||||
r-devel-linux-x86_64-fedora-clang | 0.1.16 | 2168.56 | NOTE | |||
r-devel-linux-x86_64-fedora-gcc | 0.1.16 | 3202.60 | NOTE | |||
r-devel-windows-x86_64 | 0.1.16 | 1162.00 | 307.00 | 1469.00 | NOTE | |
r-patched-linux-x86_64 | 0.1.16 | ERROR | ||||
r-release-linux-x86_64 | 0.1.16 | 0.02 | 2.34 | 2.36 | ERROR | |
r-release-macos-arm64 | 0.1.16 | 525.00 | NOTE | |||
r-release-macos-x86_64 | 0.1.16 | 470.00 | NOTE | |||
r-release-windows-x86_64 | 0.1.16 | 1179.00 | 305.00 | 1484.00 | NOTE | |
r-oldrel-macos-arm64 | 0.1.16 | 500.00 | NOTE | |||
r-oldrel-macos-x86_64 | 0.1.16 | 496.00 | NOTE | |||
r-oldrel-windows-x86_64 | 0.1.16 | 1473.00 | 361.00 | 1834.00 | NOTE |
Version: 0.1.16
Check: for GNU extensions in Makefiles
Result: NOTE
GNU make is a SystemRequirements.
Flavors: r-devel-linux-x86_64-debian-clang, r-devel-linux-x86_64-debian-gcc, r-devel-linux-x86_64-fedora-clang, r-devel-linux-x86_64-fedora-gcc, r-devel-windows-x86_64, r-release-macos-arm64, r-release-macos-x86_64, r-release-windows-x86_64, r-oldrel-macos-arm64, r-oldrel-macos-x86_64, r-oldrel-windows-x86_64
Version: 0.1.16
Check: installed package size
Result: NOTE
installed size is 12.0Mb
sub-directories of 1Mb or more:
libs 11.6Mb
Flavors: r-devel-linux-x86_64-fedora-clang, r-devel-windows-x86_64, r-release-macos-arm64, r-release-macos-x86_64, r-release-windows-x86_64, r-oldrel-macos-arm64, r-oldrel-macos-x86_64, r-oldrel-windows-x86_64
Version: 0.1.16
Check: whether package can be installed
Result: ERROR
Installation failed.
Flavors: r-patched-linux-x86_64, r-release-linux-x86_64
These binaries (installable software) and packages are in development.
They may not be fully stable and should be used with caution. We make no claims about them.