Last updated on 2025-11-11 15:50:45 CET.
| Flavor | Version | Tinstall | Tcheck | Ttotal | Status | Flags |
|---|---|---|---|---|---|---|
| r-devel-linux-x86_64-debian-clang | 0.1.16 | 1120.63 | 205.42 | 1326.05 | OK | |
| r-devel-linux-x86_64-debian-gcc | 0.1.16 | 986.95 | 228.09 | 1215.04 | OK | |
| r-devel-linux-x86_64-fedora-clang | 0.1.16 | 2160.00 | -96.45 | 2063.55 | OK | |
| r-devel-linux-x86_64-fedora-gcc | 0.1.16 | 6840.00 | -3748.91 | 3091.09 | OK | |
| r-devel-windows-x86_64 | 0.1.16 | 1280.00 | 319.00 | 1599.00 | OK | |
| r-patched-linux-x86_64 | 0.1.16 | 1395.09 | 321.92 | 1717.01 | OK | |
| r-release-linux-x86_64 | 0.1.16 | 1358.24 | 320.88 | 1679.12 | OK | |
| r-release-macos-arm64 | 0.1.16 | 437.00 | 67.00 | 504.00 | OK | |
| r-release-macos-x86_64 | 0.1.16 | 538.00 | 158.00 | 696.00 | OK | |
| r-release-windows-x86_64 | 0.1.16 | 1242.00 | 312.00 | 1554.00 | OK | |
| r-oldrel-macos-arm64 | 0.1.16 | 237.00 | 46.00 | 283.00 | NOTE | |
| r-oldrel-macos-x86_64 | 0.1.16 | 138.00 | 77.00 | 215.00 | NOTE | |
| r-oldrel-windows-x86_64 | 0.1.16 | 1451.00 | 392.00 | 1843.00 | NOTE |
Version: 0.1.16
Check: installed package size
Result: NOTE
installed size is 143.2Mb
sub-directories of 1Mb or more:
libs 142.8Mb
Flavors: r-oldrel-macos-arm64, r-oldrel-macos-x86_64, r-oldrel-windows-x86_64
Version: 0.1.16
Check: for GNU extensions in Makefiles
Result: NOTE
GNU make is a SystemRequirements.
Flavors: r-oldrel-macos-arm64, r-oldrel-macos-x86_64, r-oldrel-windows-x86_64
These binaries (installable software) and packages are in development.
They may not be fully stable and should be used with caution. We make no claims about them.