CRAN Package Check Results for Package rmapshaper

Last updated on 2025-05-08 04:52:16 CEST.

Flavor Version Tinstall Tcheck Ttotal Status Flags
r-devel-linux-x86_64-debian-clang 0.5.0 5.50 70.91 76.41 NOTE
r-devel-linux-x86_64-debian-gcc 0.5.0 3.97 55.48 59.45 NOTE
r-devel-linux-x86_64-fedora-clang 0.5.0 118.26 NOTE
r-devel-linux-x86_64-fedora-gcc 0.5.0 130.29 NOTE
r-devel-windows-x86_64 0.5.0 7.00 85.00 92.00 NOTE
r-patched-linux-x86_64 0.5.0 5.45 69.09 74.54 NOTE
r-release-linux-x86_64 0.5.0 5.66 68.93 74.59 NOTE
r-release-macos-arm64 0.5.0 44.00 NOTE
r-release-macos-x86_64 0.5.0 77.00 NOTE
r-release-windows-x86_64 0.5.0 8.00 87.00 95.00 NOTE
r-oldrel-macos-arm64 0.5.0 42.00 NOTE
r-oldrel-macos-x86_64 0.5.0 63.00 NOTE
r-oldrel-windows-x86_64 0.5.0 9.00 99.00 108.00 NOTE

Check Details

Version: 0.5.0
Check: Rd files
Result: NOTE checkRd: (-1) ms_simplify.Rd:36: Lost braces 36 | \url{https://github.com/mbloch/mapshaper/wiki/Simplification-Tips}{link} | ^ Flavors: r-devel-linux-x86_64-debian-clang, r-devel-linux-x86_64-debian-gcc, r-devel-linux-x86_64-fedora-clang, r-devel-linux-x86_64-fedora-gcc, r-devel-windows-x86_64, r-patched-linux-x86_64, r-release-linux-x86_64, r-release-macos-arm64, r-release-macos-x86_64, r-release-windows-x86_64, r-oldrel-macos-arm64, r-oldrel-macos-x86_64, r-oldrel-windows-x86_64

These binaries (installable software) and packages are in development.
They may not be fully stable and should be used with caution. We make no claims about them.