Last updated on 2025-02-16 08:50:59 CET.
Flavor | Version | Tinstall | Tcheck | Ttotal | Status | Flags |
---|---|---|---|---|---|---|
r-devel-linux-x86_64-debian-clang | 0.5.0 | 5.53 | 70.27 | 75.80 | NOTE | |
r-devel-linux-x86_64-debian-gcc | 0.5.0 | 3.62 | 53.23 | 56.85 | NOTE | |
r-devel-linux-x86_64-fedora-clang | 0.5.0 | 77.55 | NOTE | |||
r-devel-linux-x86_64-fedora-gcc | 0.5.0 | 130.13 | NOTE | |||
r-devel-macos-arm64 | 0.5.0 | 44.00 | NOTE | |||
r-devel-macos-x86_64 | 0.5.0 | 90.00 | NOTE | |||
r-devel-windows-x86_64 | 0.5.0 | 8.00 | 89.00 | 97.00 | NOTE | |
r-patched-linux-x86_64 | 0.5.0 | 5.19 | 68.43 | 73.62 | NOTE | |
r-release-linux-x86_64 | 0.5.0 | 5.18 | 67.90 | 73.08 | NOTE | |
r-release-macos-arm64 | 0.5.0 | 42.00 | NOTE | |||
r-release-macos-x86_64 | 0.5.0 | 63.00 | NOTE | |||
r-release-windows-x86_64 | 0.5.0 | 7.00 | 83.00 | 90.00 | NOTE | |
r-oldrel-macos-arm64 | 0.5.0 | 42.00 | OK | |||
r-oldrel-macos-x86_64 | 0.5.0 | 77.00 | OK | |||
r-oldrel-windows-x86_64 | 0.5.0 | 8.00 | 92.00 | 100.00 | OK |
Version: 0.5.0
Check: Rd files
Result: NOTE
checkRd: (-1) ms_simplify.Rd:36: Lost braces
36 | \url{https://github.com/mbloch/mapshaper/wiki/Simplification-Tips}{link}
| ^
Flavors: r-devel-linux-x86_64-debian-clang, r-devel-linux-x86_64-debian-gcc, r-devel-linux-x86_64-fedora-clang, r-devel-linux-x86_64-fedora-gcc, r-devel-macos-arm64, r-devel-macos-x86_64, r-devel-windows-x86_64, r-patched-linux-x86_64, r-release-linux-x86_64, r-release-macos-arm64, r-release-macos-x86_64, r-release-windows-x86_64
These binaries (installable software) and packages are in development.
They may not be fully stable and should be used with caution. We make no claims about them.