CRAN Package Check Results for Package rmarchingcubes

Last updated on 2025-10-03 11:50:59 CEST.

Flavor Version Tinstall Tcheck Ttotal Status Flags
r-devel-linux-x86_64-debian-clang 0.1.4 27.89 48.15 76.04 OK
r-devel-linux-x86_64-debian-gcc 0.1.4 15.97 36.04 52.01 OK
r-devel-linux-x86_64-fedora-clang 0.1.4 131.98 OK
r-devel-linux-x86_64-fedora-gcc 0.1.4 128.40 OK
r-devel-windows-x86_64 0.1.4 35.00 82.00 117.00 OK
r-patched-linux-x86_64 0.1.4 22.83 44.72 67.55 OK
r-release-linux-x86_64 0.1.3 25.98 41.80 67.78 NOTE
r-release-macos-arm64 0.1.4 48.00 OK
r-release-macos-x86_64 0.1.4 90.00 OK
r-release-windows-x86_64 0.1.4 35.00 82.00 117.00 OK
r-oldrel-macos-arm64 0.1.3 39.00 NOTE
r-oldrel-macos-x86_64 0.1.4 182.00 OK
r-oldrel-windows-x86_64 0.1.4 40.00 96.00 136.00 OK

Check Details

Version: 0.1.3
Check: C++ specification
Result: NOTE Specified C++11: please drop specification unless essential Flavors: r-release-linux-x86_64, r-oldrel-macos-arm64

These binaries (installable software) and packages are in development.
They may not be fully stable and should be used with caution. We make no claims about them.