CRAN Package Check Results for Package rmcmc

Last updated on 2025-10-23 17:51:00 CEST.

Flavor Version Tinstall Tcheck Ttotal Status Flags
r-devel-linux-x86_64-debian-clang 0.1.2 2.22 118.57 120.79 OK
r-devel-linux-x86_64-debian-gcc 0.1.2 1.75 80.72 82.47 OK
r-devel-linux-x86_64-fedora-clang 0.1.2 187.03 OK
r-devel-linux-x86_64-fedora-gcc 0.1.2 13.00 192.51 205.51 OK
r-devel-windows-x86_64 0.1.2 4.00 118.00 122.00 OK
r-patched-linux-x86_64 0.1.2 2.81 109.03 111.84 OK
r-release-linux-x86_64 0.1.1 2.31 107.86 110.17 OK
r-release-macos-arm64 0.1.2 1.00 54.00 55.00 OK
r-release-macos-x86_64 0.1.2 4.00 131.00 135.00 OK
r-release-windows-x86_64 0.1.2 6.00 117.00 123.00 OK
r-oldrel-macos-arm64 0.1.2 1.00 57.00 58.00 NOTE
r-oldrel-macos-x86_64 0.1.2 4.00 125.00 129.00 NOTE
r-oldrel-windows-x86_64 0.1.2 5.00 149.00 154.00 NOTE

Check Details

Version: 0.1.2
Check: package dependencies
Result: NOTE Package suggested but not available for checking: ‘bridgestan’ Flavors: r-oldrel-macos-arm64, r-oldrel-macos-x86_64, r-oldrel-windows-x86_64

These binaries (installable software) and packages are in development.
They may not be fully stable and should be used with caution. We make no claims about them.