CRAN Package Check Results for Package rmcmc

Last updated on 2025-05-25 19:49:44 CEST.

Flavor Version Tinstall Tcheck Ttotal Status Flags
r-devel-linux-x86_64-debian-clang 0.1.1 2.56 105.86 108.42 OK
r-devel-linux-x86_64-debian-gcc 0.1.1 1.88 67.93 69.81 OK
r-devel-linux-x86_64-fedora-clang 0.1.1 170.52 OK
r-devel-linux-x86_64-fedora-gcc 0.1.1 179.82 OK
r-devel-windows-x86_64 0.1.1 4.00 121.00 125.00 OK
r-patched-linux-x86_64 0.1.1 2.43 99.39 101.82 OK
r-release-linux-x86_64 0.1.1 2.29 99.85 102.14 OK
r-release-macos-arm64 0.1.1 58.00 OK
r-release-macos-x86_64 0.1.1 146.00 OK
r-release-windows-x86_64 0.1.1 3.00 120.00 123.00 OK
r-oldrel-macos-arm64 0.1.1 51.00 NOTE
r-oldrel-macos-x86_64 0.1.1 163.00 NOTE
r-oldrel-windows-x86_64 0.1.1 5.00 143.00 148.00 NOTE

Check Details

Version: 0.1.1
Check: package dependencies
Result: NOTE Package suggested but not available for checking: ‘bridgestan’ Flavors: r-oldrel-macos-arm64, r-oldrel-macos-x86_64, r-oldrel-windows-x86_64

These binaries (installable software) and packages are in development.
They may not be fully stable and should be used with caution. We make no claims about them.