Last updated on 2025-05-01 14:49:21 CEST.
Flavor | Version | Tinstall | Tcheck | Ttotal | Status | Flags |
---|---|---|---|---|---|---|
r-devel-linux-x86_64-debian-clang | 1.6 | 13.76 | 138.33 | 152.09 | NOTE | |
r-devel-linux-x86_64-debian-gcc | 1.6 | 10.40 | 92.63 | 103.03 | NOTE | |
r-devel-linux-x86_64-fedora-clang | 1.6 | 224.05 | OK | |||
r-devel-linux-x86_64-fedora-gcc | 1.6 | 210.98 | OK | |||
r-devel-windows-x86_64 | 1.6 | 14.00 | 129.00 | 143.00 | OK | |
r-patched-linux-x86_64 | 1.6 | 14.65 | 126.80 | 141.45 | OK | |
r-release-linux-x86_64 | OK | |||||
r-release-macos-arm64 | 1.6 | 57.00 | OK | |||
r-release-macos-x86_64 | 1.6 | 113.00 | OK | |||
r-release-windows-x86_64 | 1.6 | 15.00 | 135.00 | 150.00 | OK | |
r-oldrel-macos-arm64 | 1.6 | 55.00 | OK | |||
r-oldrel-macos-x86_64 | 1.6 | 83.00 | OK | |||
r-oldrel-windows-x86_64 | 1.6 | 20.00 | 160.00 | 180.00 | OK |
Version: 1.6
Check: CRAN incoming feasibility
Result: NOTE
Maintainer: ‘Marshall Brown <mdbrown@fredhutch.org>’
No Authors@R field in DESCRIPTION.
Please add one, modifying
Authors@R: person(given = "Marshall",
family = "Brown",
role = c("aut", "cre"),
email = "mdbrown@fredhutch.org")
as necessary.
Flavors: r-devel-linux-x86_64-debian-clang, r-devel-linux-x86_64-debian-gcc
Version: 1.6
Check: examples
Result: NOTE
Examples with CPU (user + system) or elapsed time > 5s
user system elapsed
plot_clinical_impact 8.640 0.082 10.077
plot_roc_components 8.353 0.024 10.835
decision_curve 4.064 0.086 5.134
Flavor: r-devel-linux-x86_64-debian-clang
These binaries (installable software) and packages are in development.
They may not be fully stable and should be used with caution. We make no claims about them.