Last updated on 2025-02-19 17:51:02 CET.
Flavor | Version | Tinstall | Tcheck | Ttotal | Status | Flags |
---|---|---|---|---|---|---|
r-devel-linux-x86_64-debian-clang | 0.1.5 | 1.83 | 28.96 | 30.79 | NOTE | |
r-devel-linux-x86_64-debian-gcc | 0.1.5 | 1.18 | 23.56 | 24.74 | NOTE | |
r-devel-linux-x86_64-fedora-clang | 0.1.5 | 50.15 | NOTE | |||
r-devel-linux-x86_64-fedora-gcc | 0.1.5 | 62.96 | NOTE | |||
r-devel-macos-arm64 | 0.1.5 | 29.00 | OK | |||
r-devel-macos-x86_64 | 0.1.5 | 51.00 | NOTE | |||
r-devel-windows-x86_64 | 0.1.5 | 3.00 | 50.00 | 53.00 | NOTE | |
r-patched-linux-x86_64 | 0.1.5 | 1.74 | 27.93 | 29.67 | OK | |
r-release-linux-x86_64 | 0.1.5 | 1.29 | 28.07 | 29.36 | OK | |
r-release-macos-arm64 | 0.1.5 | 30.00 | OK | |||
r-release-macos-x86_64 | 0.1.5 | 44.00 | OK | |||
r-release-windows-x86_64 | 0.1.5 | 3.00 | 52.00 | 55.00 | OK | |
r-oldrel-macos-arm64 | 0.1.5 | 33.00 | OK | |||
r-oldrel-macos-x86_64 | 0.1.5 | 44.00 | OK | |||
r-oldrel-windows-x86_64 | 0.1.5 | 4.00 | 49.00 | 53.00 | OK |
Version: 0.1.5
Check: DESCRIPTION meta-information
Result: NOTE
Missing dependency on R >= 4.2.0 because package code uses the pipe
placeholder syntax added in R 4.2.0.
File(s) using such syntax:
‘replace_doi.R’
Flavors: r-devel-linux-x86_64-debian-clang, r-devel-linux-x86_64-debian-gcc, r-devel-linux-x86_64-fedora-clang, r-devel-linux-x86_64-fedora-gcc, r-devel-windows-x86_64
Version: 0.1.5
Check: DESCRIPTION meta-information
Result: NOTE
Missing dependency on R >= 4.1.0 because package code uses the pipe
|> or function shorthand \(...) syntax added in R 4.1.0.
File(s) using such syntax:
‘replace_doi.R’
Flavor: r-devel-macos-x86_64
These binaries (installable software) and packages are in development.
They may not be fully stable and should be used with caution. We make no claims about them.