Last updated on 2025-02-16 08:50:59 CET.
Flavor | Version | Tinstall | Tcheck | Ttotal | Status | Flags |
---|---|---|---|---|---|---|
r-devel-linux-x86_64-debian-clang | 0.1.0 | 6.54 | 64.84 | 71.38 | NOTE | |
r-devel-linux-x86_64-debian-gcc | 0.1.0 | 3.81 | 46.80 | 50.61 | NOTE | |
r-devel-linux-x86_64-fedora-clang | 0.1.0 | 116.46 | NOTE | |||
r-devel-linux-x86_64-fedora-gcc | 0.1.0 | 117.62 | NOTE | |||
r-devel-macos-arm64 | 0.1.0 | 37.00 | OK | |||
r-devel-macos-x86_64 | 0.1.0 | 77.00 | OK | |||
r-devel-windows-x86_64 | 0.1.0 | 7.00 | 78.00 | 85.00 | NOTE | |
r-patched-linux-x86_64 | 0.1.0 | 6.05 | 59.38 | 65.43 | OK | |
r-release-linux-x86_64 | 0.1.0 | 6.53 | 59.74 | 66.27 | OK | |
r-release-macos-arm64 | 0.1.0 | 42.00 | OK | |||
r-release-macos-x86_64 | 0.1.0 | 58.00 | OK | |||
r-release-windows-x86_64 | 0.1.0 | 7.00 | 87.00 | 94.00 | OK | |
r-oldrel-macos-arm64 | 0.1.0 | 46.00 | OK | |||
r-oldrel-macos-x86_64 | 0.1.0 | 94.00 | OK | |||
r-oldrel-windows-x86_64 | 0.1.0 | 10.00 | 86.00 | 96.00 | OK |
Version: 0.1.0
Check: DESCRIPTION meta-information
Result: NOTE
Missing dependency on R >= 4.2.0 because package code uses the pipe
placeholder syntax added in R 4.2.0.
File(s) using such syntax:
‘model-table.R’
Flavors: r-devel-linux-x86_64-debian-clang, r-devel-linux-x86_64-debian-gcc, r-devel-linux-x86_64-fedora-clang, r-devel-linux-x86_64-fedora-gcc, r-devel-windows-x86_64
These binaries (installable software) and packages are in development.
They may not be fully stable and should be used with caution. We make no claims about them.