Last updated on 2025-02-16 08:50:59 CET.
Flavor | Version | Tinstall | Tcheck | Ttotal | Status | Flags |
---|---|---|---|---|---|---|
r-devel-linux-x86_64-debian-clang | 0.5.8 | 1.92 | 31.26 | 33.18 | NOTE | |
r-devel-linux-x86_64-debian-gcc | 0.5.8 | 1.16 | 25.74 | 26.90 | NOTE | |
r-devel-linux-x86_64-fedora-clang | 0.5.8 | 55.61 | NOTE | |||
r-devel-linux-x86_64-fedora-gcc | 0.5.8 | 65.05 | NOTE | |||
r-devel-macos-arm64 | 0.5.8 | 30.00 | NOTE | |||
r-devel-macos-x86_64 | 0.5.8 | 50.00 | NOTE | |||
r-devel-windows-x86_64 | 0.5.8 | 3.00 | 57.00 | 60.00 | NOTE | |
r-patched-linux-x86_64 | 0.5.8 | 1.96 | 29.98 | 31.94 | NOTE | |
r-release-linux-x86_64 | 0.5.8 | 1.84 | 29.69 | 31.53 | NOTE | |
r-release-macos-arm64 | 0.5.8 | 24.00 | NOTE | |||
r-release-macos-x86_64 | 0.5.8 | 39.00 | NOTE | |||
r-release-windows-x86_64 | 0.5.8 | 3.00 | 50.00 | 53.00 | NOTE | |
r-oldrel-macos-arm64 | 0.5.8 | 30.00 | NOTE | |||
r-oldrel-macos-x86_64 | 0.5.8 | 34.00 | NOTE | |||
r-oldrel-windows-x86_64 | 0.5.8 | 3.00 | 50.00 | 53.00 | NOTE |
Version: 0.5.8
Check: package subdirectories
Result: NOTE
Problems with news in ‘NEWS.md’:
No news entries found.
Flavors: r-devel-linux-x86_64-debian-clang, r-devel-linux-x86_64-debian-gcc, r-devel-linux-x86_64-fedora-clang, r-devel-linux-x86_64-fedora-gcc, r-devel-macos-arm64, r-devel-macos-x86_64, r-devel-windows-x86_64, r-patched-linux-x86_64, r-release-linux-x86_64, r-release-macos-arm64, r-release-macos-x86_64, r-release-windows-x86_64, r-oldrel-macos-arm64, r-oldrel-macos-x86_64, r-oldrel-windows-x86_64
Version: 0.5.8
Check: LazyData
Result: NOTE
'LazyData' is specified without a 'data' directory
Flavors: r-patched-linux-x86_64, r-release-linux-x86_64, r-release-macos-arm64, r-release-macos-x86_64, r-release-windows-x86_64, r-oldrel-macos-arm64, r-oldrel-macos-x86_64, r-oldrel-windows-x86_64
These binaries (installable software) and packages are in development.
They may not be fully stable and should be used with caution. We make no claims about them.