CRAN Package Check Results for Package rmdplugr

Last updated on 2025-02-16 08:50:59 CET.

Flavor Version Tinstall Tcheck Ttotal Status Flags
r-devel-linux-x86_64-debian-clang 0.4.1 2.02 29.30 31.32 OK
r-devel-linux-x86_64-debian-gcc 0.4.1 1.94 22.91 24.85 OK
r-devel-linux-x86_64-fedora-clang 0.4.1 52.07 OK
r-devel-linux-x86_64-fedora-gcc 0.4.1 62.31 OK
r-devel-macos-arm64 0.4.1 30.00 OK
r-devel-macos-x86_64 0.4.1 58.00 OK
r-devel-windows-x86_64 0.4.1 4.00 66.00 70.00 OK
r-patched-linux-x86_64 0.4.1 2.23 28.30 30.53 NOTE
r-release-linux-x86_64 0.4.1 2.12 27.92 30.04 NOTE
r-release-macos-arm64 0.4.1 25.00 NOTE
r-release-macos-x86_64 0.4.1 39.00 NOTE
r-release-windows-x86_64 0.4.1 5.00 63.00 68.00 NOTE
r-oldrel-macos-arm64 0.4.1 28.00 NOTE
r-oldrel-macos-x86_64 0.4.1 38.00 NOTE
r-oldrel-windows-x86_64 0.4.1 4.00 66.00 70.00 NOTE

Check Details

Version: 0.4.1
Check: LazyData
Result: NOTE 'LazyData' is specified without a 'data' directory Flavors: r-patched-linux-x86_64, r-release-linux-x86_64, r-release-macos-arm64, r-release-macos-x86_64, r-release-windows-x86_64, r-oldrel-macos-arm64, r-oldrel-macos-x86_64, r-oldrel-windows-x86_64

These binaries (installable software) and packages are in development.
They may not be fully stable and should be used with caution. We make no claims about them.