CRAN Package Check Results for Package rmeta

Last updated on 2025-11-13 01:50:32 CET.

Flavor Version Tinstall Tcheck Ttotal Status Flags
r-devel-linux-x86_64-debian-clang 3.0 3.00 28.65 31.65 NOTE
r-devel-linux-x86_64-debian-gcc 3.0 2.19 22.62 24.81 NOTE
r-devel-linux-x86_64-fedora-clang 3.0 46.74 OK
r-devel-linux-x86_64-fedora-gcc 3.0 44.05 OK
r-devel-windows-x86_64 3.0 5.00 51.00 56.00 OK
r-patched-linux-x86_64 3.0 3.02 27.42 30.44 OK
r-release-linux-x86_64 3.0 2.97 27.73 30.70 OK
r-release-macos-arm64 3.0 1.00 17.00 18.00 OK
r-release-macos-x86_64 3.0 3.00 29.00 32.00 OK
r-release-windows-x86_64 3.0 3.00 51.00 54.00 OK
r-oldrel-macos-arm64 3.0 1.00 18.00 19.00 OK
r-oldrel-macos-x86_64 3.0 2.00 23.00 25.00 OK
r-oldrel-windows-x86_64 3.0 3.00 52.00 55.00 OK

Check Details

Version: 3.0
Check: CRAN incoming feasibility
Result: NOTE Maintainer: ‘Thomas Lumley <t.lumley@auckland.ac.nz>’ No Authors@R field in DESCRIPTION. Please add one, modifying Authors@R: person(given = "Thomas", family = "Lumley", role = c("aut", "cre"), email = "t.lumley@auckland.ac.nz") as necessary. Flavors: r-devel-linux-x86_64-debian-clang, r-devel-linux-x86_64-debian-gcc

These binaries (installable software) and packages are in development.
They may not be fully stable and should be used with caution. We make no claims about them.