Last updated on 2025-07-05 03:48:47 CEST.
Flavor | Version | Tinstall | Tcheck | Ttotal | Status | Flags |
---|---|---|---|---|---|---|
r-devel-linux-x86_64-debian-clang | 0.1.0 | 13.81 | 101.52 | 115.33 | NOTE | |
r-devel-linux-x86_64-debian-gcc | 0.1.0 | 10.02 | 73.11 | 83.13 | NOTE | |
r-devel-linux-x86_64-fedora-clang | 0.1.0 | 177.44 | OK | |||
r-devel-linux-x86_64-fedora-gcc | 0.1.0 | 164.74 | OK | |||
r-devel-windows-x86_64 | 0.1.0 | 13.00 | 103.00 | 116.00 | OK | |
r-patched-linux-x86_64 | 0.1.0 | 12.76 | 94.58 | 107.34 | OK | |
r-release-linux-x86_64 | 0.1.0 | 11.15 | 93.35 | 104.50 | OK | |
r-release-macos-arm64 | 0.1.0 | 38.00 | OK | |||
r-release-macos-x86_64 | 0.1.0 | 91.00 | OK | |||
r-release-windows-x86_64 | 0.1.0 | 14.00 | 107.00 | 121.00 | OK | |
r-oldrel-macos-arm64 | 0.1.0 | 44.00 | OK | |||
r-oldrel-macos-x86_64 | 0.1.0 | 68.00 | OK | |||
r-oldrel-windows-x86_64 | 0.1.0 | 19.00 | 128.00 | 147.00 | OK |
Version: 0.1.0
Check: CRAN incoming feasibility
Result: NOTE
Maintainer: ‘Lukasz Smaga <ls@amu.edu.pl>’
The Description field contains
<arXiv:2306.03883>). These procedures enable us to verify the overall
Please refer to arXiv e-prints via their arXiv DOI <doi:10.48550/arXiv.YYMM.NNNNN>.
Flavors: r-devel-linux-x86_64-debian-clang, r-devel-linux-x86_64-debian-gcc
These binaries (installable software) and packages are in development.
They may not be fully stable and should be used with caution. We make no claims about them.