Last updated on 2025-11-13 23:50:50 CET.
| Flavor | Version | Tinstall | Tcheck | Ttotal | Status | Flags |
|---|---|---|---|---|---|---|
| r-devel-linux-x86_64-debian-clang | 1.4-2 | 127.24 | 228.60 | 355.84 | OK | |
| r-devel-linux-x86_64-debian-gcc | 1.4-2 | 80.99 | 152.01 | 233.00 | OK | |
| r-devel-linux-x86_64-fedora-clang | 1.4-2 | 220.00 | 367.93 | 587.93 | OK | |
| r-devel-linux-x86_64-fedora-gcc | 1.4-2 | 215.00 | 394.33 | 609.33 | OK | |
| r-devel-windows-x86_64 | 1.4-2 | 129.00 | 237.00 | 366.00 | OK | |
| r-patched-linux-x86_64 | 1.4-2 | 126.35 | 218.82 | 345.17 | OK | |
| r-release-linux-x86_64 | 1.4-2 | 122.89 | 217.52 | 340.41 | OK | |
| r-release-macos-arm64 | 1.4-2 | 46.00 | 89.00 | 135.00 | OK | |
| r-release-macos-x86_64 | 1.4-2 | 73.00 | 189.00 | 262.00 | OK | |
| r-release-windows-x86_64 | 1.4-2 | 124.00 | 235.00 | 359.00 | OK | |
| r-oldrel-macos-arm64 | 1.4-2 | 43.00 | 94.00 | 137.00 | NOTE | |
| r-oldrel-macos-x86_64 | 1.4-2 | 82.00 | 210.00 | 292.00 | NOTE | |
| r-oldrel-windows-x86_64 | 1.4-2 | 159.00 | 298.00 | 457.00 | OK |
Version: 1.4-2
Check: installed package size
Result: NOTE
installed size is 9.8Mb
sub-directories of 1Mb or more:
R 3.1Mb
libs 6.0Mb
Flavors: r-oldrel-macos-arm64, r-oldrel-macos-x86_64
These binaries (installable software) and packages are in development.
They may not be fully stable and should be used with caution. We make no claims about them.