Last updated on 2025-10-24 05:50:54 CEST.
| Flavor | Version | Tinstall | Tcheck | Ttotal | Status | Flags |
|---|---|---|---|---|---|---|
| r-devel-linux-x86_64-debian-clang | 0.1.2 | 6.77 | 136.84 | 143.61 | NOTE | |
| r-devel-linux-x86_64-debian-gcc | 0.1.2 | 5.07 | 95.75 | 100.82 | NOTE | |
| r-devel-linux-x86_64-fedora-clang | 0.1.2 | 15.00 | 194.37 | 209.37 | OK | |
| r-devel-linux-x86_64-fedora-gcc | 0.1.2 | 43.00 | 182.35 | 225.35 | OK | |
| r-devel-windows-x86_64 | 0.1.2 | 9.00 | 124.00 | 133.00 | OK | |
| r-patched-linux-x86_64 | 0.1.2 | 6.99 | 127.64 | 134.63 | OK | |
| r-release-linux-x86_64 | 0.1.2 | 7.18 | 130.12 | 137.30 | OK | |
| r-release-macos-arm64 | 0.1.2 | 3.00 | 51.00 | 54.00 | OK | |
| r-release-macos-x86_64 | 0.1.2 | 5.00 | 88.00 | 93.00 | OK | |
| r-release-windows-x86_64 | 0.1.2 | 9.00 | 123.00 | 132.00 | OK | |
| r-oldrel-macos-arm64 | 0.1.2 | 3.00 | 51.00 | 54.00 | OK | |
| r-oldrel-macos-x86_64 | 0.1.2 | 4.00 | 63.00 | 67.00 | OK | |
| r-oldrel-windows-x86_64 | 0.1.2 | 12.00 | 153.00 | 165.00 | OK |
Version: 0.1.2
Check: CRAN incoming feasibility
Result: NOTE
Maintainer: ‘Herdiantri Sufriyana <herdi@nycu.edu.tw>’
The Description field contains
<https://htmlpreview.github.io/?https://github.com/herdiantrisufriyana/rmlnomogram/blob/master/doc/ml_nomogram_exemplar.html>.
Please enclose URLs in angle brackets (<...>).
Flavors: r-devel-linux-x86_64-debian-clang, r-devel-linux-x86_64-debian-gcc
These binaries (installable software) and packages are in development.
They may not be fully stable and should be used with caution. We make no claims about them.