CRAN Package Check Results for Package rmpw

Last updated on 2025-10-23 17:51:00 CEST.

Flavor Version Tinstall Tcheck Ttotal Status Flags
r-devel-linux-x86_64-debian-clang 0.0.5 3.67 30.05 33.72 NOTE
r-devel-linux-x86_64-debian-gcc 0.0.5 2.52 23.33 25.85 NOTE
r-devel-linux-x86_64-fedora-clang 0.0.5 49.81 OK
r-devel-linux-x86_64-fedora-gcc 0.0.5 16.00 33.72 49.72 OK
r-devel-windows-x86_64 0.0.5 5.00 52.00 57.00 OK
r-patched-linux-x86_64 0.0.5 3.40 29.10 32.50 OK
r-release-linux-x86_64 0.0.5 3.50 29.03 32.53 OK
r-release-macos-arm64 0.0.5 2.00 19.00 21.00 OK
r-release-macos-x86_64 0.0.5 3.00 30.00 33.00 OK
r-release-windows-x86_64 0.0.5 5.00 53.00 58.00 OK
r-oldrel-macos-arm64 0.0.5 1.00 18.00 19.00 OK
r-oldrel-macos-x86_64 0.0.5 3.00 28.00 31.00 OK
r-oldrel-windows-x86_64 0.0.5 4.00 58.00 62.00 OK

Check Details

Version: 0.0.5
Check: CRAN incoming feasibility
Result: NOTE Maintainer: ‘Xu Qin <xuqin@uchicago.edu>’ No Authors@R field in DESCRIPTION. Please add one, modifying Authors@R: c(person(given = "Xu", family = "Qin", role = c("aut", "cre"), email = "xuqin@uchicago.edu"), person(given = "Guanglei", family = "Hong", role = "aut"), person(given = "Fan", family = "Yang", role = "aut")) as necessary. Flavors: r-devel-linux-x86_64-debian-clang, r-devel-linux-x86_64-debian-gcc

These binaries (installable software) and packages are in development.
They may not be fully stable and should be used with caution. We make no claims about them.