Last updated on 2024-07-27 15:50:32 CEST.
Flavor | Version | Tinstall | Tcheck | Ttotal | Status | Flags |
---|---|---|---|---|---|---|
r-devel-linux-x86_64-debian-clang | 6.8-1 | 55.38 | 333.52 | 388.90 | OK | |
r-devel-linux-x86_64-debian-gcc | 6.8-1 | NOTE | ||||
r-devel-linux-x86_64-fedora-clang | 6.8-1 | 504.41 | OK | |||
r-devel-linux-x86_64-fedora-gcc | 6.8-1 | 468.04 | OK | |||
r-devel-windows-x86_64 | 6.8-1 | 44.00 | 260.00 | 304.00 | NOTE | |
r-patched-linux-x86_64 | 6.8-1 | OK | ||||
r-release-linux-x86_64 | 6.8-1 | 33.27 | 322.79 | 356.06 | OK | |
r-release-macos-arm64 | 6.8-1 | 111.00 | OK | |||
r-release-macos-x86_64 | 6.8-1 | 205.00 | OK | |||
r-release-windows-x86_64 | 6.8-1 | 40.00 | 254.00 | 294.00 | OK | |
r-oldrel-macos-arm64 | 6.8-1 | 130.00 | OK | |||
r-oldrel-macos-x86_64 | 6.8-1 | 336.00 | OK | |||
r-oldrel-windows-x86_64 | 6.8-1 | 57.00 | 330.00 | 387.00 | OK |
Version: 6.8-1
Check: Rd cross-references
Result: NOTE
Found the following Rd file(s) with Rd \link{} targets missing package
anchors:
Gls.Rd: varFunc, GiniMd
bj.Rd: survreg, GiniMd
cph.Rd: GiniMd
impactPO.Rd: combine.levels
npsurv.Rd: coxph, strata
plot.Predict.Rd: scat1d
psm.Rd: survreg, residuals.survreg, survreg.object,
survreg.distributions, GiniMd
residuals.cph.Rd: cox.zph
survplot.Rd: survfit
Please provide package anchors for all Rd \link{} targets not in the
package itself and the base packages.
Flavors: r-devel-linux-x86_64-debian-gcc, r-devel-windows-x86_64
These binaries (installable software) and packages are in development.
They may not be fully stable and should be used with caution. We make no claims about them.