Last updated on 2025-05-08 04:52:17 CEST.
Flavor | Version | Tinstall | Tcheck | Ttotal | Status | Flags |
---|---|---|---|---|---|---|
r-devel-linux-x86_64-debian-clang | 1.1-2 | 358.33 | 185.83 | 544.16 | OK | |
r-devel-linux-x86_64-debian-gcc | 1.1-2 | 335.04 | 162.82 | 497.86 | OK | |
r-devel-linux-x86_64-fedora-clang | 1.1-2 | 826.17 | OK | |||
r-devel-linux-x86_64-fedora-gcc | 1.1-2 | 1219.03 | OK | |||
r-devel-windows-x86_64 | 1.1-2 | 408.00 | 224.00 | 632.00 | OK | |
r-patched-linux-x86_64 | 1.1-2 | 424.39 | 214.10 | 638.49 | OK | |
r-release-linux-x86_64 | 1.1-2 | 417.20 | 213.38 | 630.58 | OK | |
r-release-macos-arm64 | 1.1-2 | 178.00 | OK | |||
r-release-macos-x86_64 | 1.1-2 | 312.00 | OK | |||
r-release-windows-x86_64 | 1.1-2 | 398.00 | 224.00 | 622.00 | OK | |
r-oldrel-macos-arm64 | 1.1-2 | 229.00 | NOTE | |||
r-oldrel-macos-x86_64 | 1.1-2 | 329.00 | NOTE | |||
r-oldrel-windows-x86_64 | 1.1-2 | 459.00 | 284.00 | 743.00 | NOTE |
Version: 1.1-2
Check: package dependencies
Result: NOTE
Package suggested but not available for checking: ‘cmdstanr’
Flavors: r-oldrel-macos-arm64, r-oldrel-macos-x86_64, r-oldrel-windows-x86_64
Version: 1.1-2
Check: installed package size
Result: NOTE
installed size is 84.5Mb
sub-directories of 1Mb or more:
libs 83.9Mb
Flavors: r-oldrel-macos-arm64, r-oldrel-macos-x86_64
Version: 1.1-2
Check: Rd cross-references
Result: NOTE
Package unavailable to check Rd xrefs: ‘cmdstanr’
Flavors: r-oldrel-macos-arm64, r-oldrel-macos-x86_64, r-oldrel-windows-x86_64
Version: 1.1-2
Check: for GNU extensions in Makefiles
Result: NOTE
GNU make is a SystemRequirements.
Flavors: r-oldrel-macos-arm64, r-oldrel-macos-x86_64, r-oldrel-windows-x86_64
These binaries (installable software) and packages are in development.
They may not be fully stable and should be used with caution. We make no claims about them.