Last updated on 2025-02-16 08:50:59 CET.
Flavor | Version | Tinstall | Tcheck | Ttotal | Status | Flags |
---|---|---|---|---|---|---|
r-devel-linux-x86_64-debian-clang | 1.1-1 | 366.08 | 176.15 | 542.23 | OK | |
r-devel-linux-x86_64-debian-gcc | 1.1-1 | 337.34 | 157.60 | 494.94 | OK | |
r-devel-linux-x86_64-fedora-clang | 1.1-1 | 845.44 | OK | |||
r-devel-linux-x86_64-fedora-gcc | 1.1-1 | 1171.24 | OK | |||
r-devel-macos-arm64 | 1.1-1 | 228.00 | OK | |||
r-devel-macos-x86_64 | 1.1-1 | 286.00 | OK | |||
r-devel-windows-x86_64 | 1.1-1 | 349.00 | 266.00 | 615.00 | OK | |
r-patched-linux-x86_64 | 1.1-1 | 431.72 | 206.42 | 638.14 | NOTE | |
r-release-linux-x86_64 | 1.1-1 | 418.70 | 202.44 | 621.14 | NOTE | |
r-release-macos-arm64 | 1.1-1 | 133.00 | NOTE | |||
r-release-macos-x86_64 | 1.1-1 | 159.00 | NOTE | |||
r-release-windows-x86_64 | 1.1-1 | 350.00 | 226.00 | 576.00 | NOTE | |
r-oldrel-macos-arm64 | 1.1-1 | 615.00 | NOTE | |||
r-oldrel-macos-x86_64 | 1.1-1 | 382.00 | NOTE | |||
r-oldrel-windows-x86_64 | 1.1-1 | 480.00 | 306.00 | 786.00 | NOTE |
Version: 1.1-1
Check: package dependencies
Result: NOTE
Package suggested but not available for checking: ‘cmdstanr’
Flavors: r-patched-linux-x86_64, r-release-linux-x86_64, r-release-macos-arm64, r-release-macos-x86_64, r-release-windows-x86_64, r-oldrel-macos-arm64, r-oldrel-macos-x86_64, r-oldrel-windows-x86_64
Version: 1.1-1
Check: Rd cross-references
Result: NOTE
Package unavailable to check Rd xrefs: ‘cmdstanr’
Flavors: r-patched-linux-x86_64, r-release-linux-x86_64, r-release-macos-arm64, r-release-macos-x86_64, r-release-windows-x86_64, r-oldrel-macos-arm64, r-oldrel-macos-x86_64, r-oldrel-windows-x86_64
Version: 1.1-1
Check: for GNU extensions in Makefiles
Result: NOTE
GNU make is a SystemRequirements.
Flavors: r-patched-linux-x86_64, r-release-linux-x86_64, r-release-macos-arm64, r-release-macos-x86_64, r-release-windows-x86_64, r-oldrel-macos-arm64, r-oldrel-macos-x86_64, r-oldrel-windows-x86_64
Version: 1.1-1
Check: installed package size
Result: NOTE
installed size is 84.5Mb
sub-directories of 1Mb or more:
libs 83.9Mb
Flavors: r-release-macos-arm64, r-release-macos-x86_64, r-oldrel-macos-arm64, r-oldrel-macos-x86_64
These binaries (installable software) and packages are in development.
They may not be fully stable and should be used with caution. We make no claims about them.