Last updated on 2025-05-29 13:49:16 CEST.
Flavor | Version | Tinstall | Tcheck | Ttotal | Status | Flags |
---|---|---|---|---|---|---|
r-devel-linux-x86_64-debian-clang | 0.0.3 | 1.57 | 16.01 | 17.58 | NOTE | |
r-devel-linux-x86_64-debian-gcc | 0.0.3 | 1.31 | 13.58 | 14.89 | NOTE | |
r-devel-linux-x86_64-fedora-clang | 0.0.3 | 27.56 | OK | |||
r-devel-linux-x86_64-fedora-gcc | 0.0.3 | 26.19 | OK | |||
r-devel-windows-x86_64 | 0.0.3 | 2.00 | 34.00 | 36.00 | OK | |
r-patched-linux-x86_64 | 0.0.3 | 1.58 | 15.19 | 16.77 | OK | |
r-release-linux-x86_64 | 0.0.3 | 1.45 | 15.22 | 16.67 | OK | |
r-release-macos-arm64 | 0.0.3 | 14.00 | OK | |||
r-release-macos-x86_64 | 0.0.3 | 20.00 | OK | |||
r-release-windows-x86_64 | 0.0.3 | 2.00 | 36.00 | 38.00 | OK | |
r-oldrel-macos-arm64 | 0.0.3 | 13.00 | OK | |||
r-oldrel-macos-x86_64 | 0.0.3 | 19.00 | OK | |||
r-oldrel-windows-x86_64 | 0.0.3 | 2.00 | 34.00 | 36.00 | OK |
Version: 0.0.3
Check: CRAN incoming feasibility
Result: NOTE
Maintainer: ‘Dirk Eddelbuettel <edd@debian.org>’
No Authors@R field in DESCRIPTION.
Please add one, modifying
Authors@R: person(given = "Dirk",
family = "Eddelbuettel",
role = c("aut", "cre"),
email = "edd@debian.org")
as necessary.
Flavors: r-devel-linux-x86_64-debian-clang, r-devel-linux-x86_64-debian-gcc
These binaries (installable software) and packages are in development.
They may not be fully stable and should be used with caution. We make no claims about them.