Last updated on 2025-05-02 11:49:58 CEST.
Flavor | Version | Tinstall | Tcheck | Ttotal | Status | Flags |
---|---|---|---|---|---|---|
r-devel-linux-x86_64-debian-clang | 0.1.5 | 9.26 | 66.02 | 75.28 | NOTE | |
r-devel-linux-x86_64-debian-gcc | 0.1.5 | 6.53 | 49.73 | 56.26 | NOTE | |
r-devel-linux-x86_64-fedora-clang | 0.1.5 | 114.02 | OK | |||
r-devel-linux-x86_64-fedora-gcc | 0.1.5 | 109.14 | OK | |||
r-devel-windows-x86_64 | 0.1.5 | 9.00 | 73.00 | 82.00 | OK | |
r-patched-linux-x86_64 | 0.1.5 | 7.81 | 62.47 | 70.28 | OK | |
r-release-linux-x86_64 | OK | |||||
r-release-macos-arm64 | 0.1.5 | 35.00 | OK | |||
r-release-macos-x86_64 | 0.1.5 | 63.00 | OK | |||
r-release-windows-x86_64 | 0.1.5 | 10.00 | 79.00 | 89.00 | OK | |
r-oldrel-macos-arm64 | 0.1.5 | 33.00 | OK | |||
r-oldrel-macos-x86_64 | 0.1.5 | 58.00 | OK | |||
r-oldrel-windows-x86_64 | 0.1.5 | 12.00 | 88.00 | 100.00 | OK |
Version: 0.1.5
Check: CRAN incoming feasibility
Result: NOTE
Maintainer: ‘Kentaro Ueno <ueno_kentaro@kuhp.kyoto-u.ac.jp>’
No Authors@R field in DESCRIPTION.
Please add one, modifying
Authors@R: person(given = "Kentaro",
family = "Ueno",
role = c("aut", "cre"),
email = "ueno_kentaro@kuhp.kyoto-u.ac.jp")
as necessary.
Flavors: r-devel-linux-x86_64-debian-clang, r-devel-linux-x86_64-debian-gcc
These binaries (installable software) and packages are in development.
They may not be fully stable and should be used with caution. We make no claims about them.