CRAN Package Check Results for Package rmstcompsens

Last updated on 2025-07-26 07:50:33 CEST.

Flavor Version Tinstall Tcheck Ttotal Status Flags
r-devel-linux-x86_64-debian-clang 0.1.5 8.75 68.35 77.10 NOTE
r-devel-linux-x86_64-debian-gcc 0.1.5 6.18 51.89 58.07 NOTE
r-devel-linux-x86_64-fedora-clang 0.1.5 118.91 OK
r-devel-linux-x86_64-fedora-gcc 0.1.5 109.00 OK
r-devel-windows-x86_64 0.1.5 9.00 81.00 90.00 OK
r-patched-linux-x86_64 0.1.5 8.22 62.81 71.03 OK
r-release-linux-x86_64 0.1.5 8.89 61.73 70.62 OK
r-release-macos-arm64 0.1.5 35.00 OK
r-release-macos-x86_64 0.1.5 63.00 OK
r-release-windows-x86_64 0.1.5 10.00 72.00 82.00 OK
r-oldrel-macos-arm64 0.1.5 33.00 OK
r-oldrel-macos-x86_64 0.1.5 58.00 OK
r-oldrel-windows-x86_64 0.1.5 12.00 91.00 103.00 OK

Check Details

Version: 0.1.5
Check: CRAN incoming feasibility
Result: NOTE Maintainer: ‘Kentaro Ueno <ueno_kentaro@kuhp.kyoto-u.ac.jp>’ No Authors@R field in DESCRIPTION. Please add one, modifying Authors@R: person(given = "Kentaro", family = "Ueno", role = c("aut", "cre"), email = "ueno_kentaro@kuhp.kyoto-u.ac.jp") as necessary. Flavors: r-devel-linux-x86_64-debian-clang, r-devel-linux-x86_64-debian-gcc

These binaries (installable software) and packages are in development.
They may not be fully stable and should be used with caution. We make no claims about them.